
{"id":3474,"date":"2022-09-13T09:04:30","date_gmt":"2022-09-13T12:04:30","guid":{"rendered":"https:\/\/www.uoh.cl\/investigacion\/investigacion\/"},"modified":"2024-05-09T17:36:17","modified_gmt":"2024-05-09T20:36:17","slug":"olo","status":"publish","type":"page","link":"https:\/\/www.uoh.cl\/investigacion\/olo\/","title":{"rendered":"Observatorio Laboral de O&#8217;Higgins"},"content":{"rendered":"<div class=\"wpb-content-wrapper\"><p>[vc_row el_class=&#8221;mobile-padding-0&#8243;][vc_column el_class=&#8221;mobile-padding-0&#8243;]<div class=\"uoh_slider_featured_component component__featured-slide row mx-auto col-12 m-0 align-items-center position-relative lazyload\" style=\" background:inherit\" data-bg=\"url(https:\/\/www.uoh.cl\/investigacion\/wp-content\/uploads\/sites\/12\/2024\/05\/Observatorio-2.jpg)\"><div class=\"caption--degrade\"><svg  xmlns=\"http:\/\/www.w3.org\/2000\/svg\" xmlns:xlink=\"http:\/\/www.w3.org\/1999\/xlink\" width=\"1061px\" height=\"539px\"><defs><linearGradient id=\"PSgrad_0\" x1=\"0%\" x2=\"64.279%\" y1=\"76.604%\" y2=\"0%\"><stop offset=\"0%\" stop-color=\"rgb(66,160,248)\" stop-opacity=\"1\" \/><stop offset=\"100%\" stop-color=\"rgb(66,160,248)\" stop-opacity=\"0\" \/><\/linearGradient><\/defs><path fill-rule=\"evenodd\"  fill=\"none\" d=\"M311.000,515.000 C311.000,515.000 211.039,468.555 132.000,357.000 C21.864,201.555 -4.306,4.695 1.000,0.000 L196.000,0.000 L811.000,0.000 L1061.000,0.000 C1061.000,0.000 851.535,430.030 546.000,521.000 C402.674,563.674 311.000,515.000 311.000,515.000 Z\"\/> <path fill=\"url(#PSgrad_0)\"d=\"M311.000,515.000 C311.000,515.000 211.039,468.555 132.000,357.000 C21.864,201.555 -4.306,4.695 1.000,0.000 L196.000,0.000 L811.000,0.000 L1061.000,0.000 C1061.000,0.000 851.535,430.030 546.000,521.000 C402.674,563.674 311.000,515.000 311.000,515.000 Z\"\/><\/svg><\/div><div class=\"caption--quote\"><svg xmlns=\"http:\/\/www.w3.org\/2000\/svg\" xmlns:xlink=\"http:\/\/www.w3.org\/1999\/xlink\"width=\"226px\" height=\"273px\"><defs><linearGradient id=\"PSgrad_0\" x1=\"71.934%\" x2=\"0%\" y1=\"69.466%\" y2=\"0%\"><stop offset=\"0%\" stop-color=\"rgb(66,160,248)\" stop-opacity=\"0.49\" \/><stop offset=\"100%\" stop-color=\"rgb(66,160,248)\" stop-opacity=\"0\" \/><\/linearGradient><\/defs><path fill-rule=\"evenodd\"  fill=\"none\" d=\"M-0.000,273.000 L174.000,273.000 C174.000,273.000 226.000,266.268 226.000,221.000 C226.000,175.732 226.000,-0.000 226.000,-0.000 C226.000,-0.000 24.577,71.878 -0.000,273.000 Z\"\/><path fill=\"url(#PSgrad_0)\"d=\"M-0.000,273.000 L174.000,273.000 C174.000,273.000 226.000,266.268 226.000,221.000 C226.000,175.732 226.000,-0.000 226.000,-0.000 C226.000,-0.000 24.577,71.878 -0.000,273.000 Z\"\/><\/svg><\/div><div class=\"my-uoh_slider_featured_component container mx-auto p-md-0\" ><div class=\"content component__featured-slide-content container row mx-auto aling-items-center p-0\"><h1 class=\"p-0 featured-slide title\"  style=\"\"><em><\/em>Observatorio Laboral de O'Higgins<\/h1><\/div><span><\/span><\/div><\/div>[\/vc_column][\/vc_row][vc_section el_id=&#8221;observatorio&#8221; el_class=&#8221;container mx-auto p-md-0 align-items-center&#8221;][vc_row][vc_column][vc_wp_custommenu nav_menu=&#8221;191&#8243;][\/vc_column][\/vc_row][vc_row el_class=&#8221;pt-5 pb-5 m-0&#8243;][vc_column el_class=&#8221;m-0&#8243;]<div class=\"uoh_title_component-container\"><h1 class=\"title title--ms d-inline-block title--decorator  big\">\u00bfQui\u00e9nes somos?<\/h1><\/div>[vc_row_inner content_placement=&#8221;middle&#8221; el_class=&#8221;pb-5&#8243;][vc_column_inner width=&#8221;1\/2&#8243; css=&#8221;.vc_custom_1648841686405{margin-right: 100px !important;}&#8221;][vc_column_text css=&#8221;.vc_custom_1715180350314{margin-bottom: 3rem !important;}&#8221;]<\/p>\n<p style=\"font-weight: 400\">El Observatorio Laboral de la Regi\u00f3n de O\u2019Higgins es una iniciativa de la Subsecretar\u00eda del Trabajo y es ejecutada por la Universidad de O&#8217;Higgins. Su misi\u00f3n es producir informaci\u00f3n sobre el mercado laboral y las brechas de capital humano en la regi\u00f3n, con el prop\u00f3sito de contribuir a las decisiones de las personas, las empresas y los grupos interesados, as\u00ed como aportar al dise\u00f1o e implementaci\u00f3n de pol\u00edticas de capacitaci\u00f3n, productividad y empleabilidad.<\/p>\n<p>En la Regi\u00f3n de O\u2019Higgins, los sectores productivos que albergan la mayor cantidad de trabajadores\/as son el Silvoagropecuario, el Comercio y la Industria. Entre los tres, agrupan a m\u00e1s de la mitad de las personas ocupadas en la regi\u00f3n. Por su parte, las cosechas vinculadas al Agro, as\u00ed como, principalmente en la provincia de Cardenal Caro, la relevancia del turismo en la temporada estival y la reactivaci\u00f3n del comercio derivada de lo anterior, marcan estacionariamente el mercado del trabajo en la regi\u00f3n.<\/p>\n<p>Por otro lado, asociado a sus particularidades t\u00e9cnicas y productivas, destaca la Miner\u00eda, un sector que, aunque con pocos trabajadores, est\u00e1 dentro de los que m\u00e1s aportan al PIB regional.<\/p>\n<p>Entre los desaf\u00edos que presenta la regi\u00f3n est\u00e1 la disminuci\u00f3n de la brecha de g\u00e9nero, asociada a la participaci\u00f3n en el mercado laboral y los salarios; la incorporaci\u00f3n de j\u00f3venes al trabajo y su mantenimiento en el mercado laboral; y el desarrollo de actividades productivas innovadoras, vinculadas a la sustentabilidad medioambiental, la incorporaci\u00f3n de tecnolog\u00edas y la competitividad, as\u00ed como la formaci\u00f3n de capital humano conforme a estas \u00e1reas emergentes de la producci\u00f3n.[\/vc_column_text][\/vc_column_inner][vc_column_inner width=&#8221;1\/2&#8243;]<div class=\"uoh_quote_component component__quote col-12\"><div class=\"uoh_quote_component p-2 mt-4 mt-md-0 p-md-5 \"><div class=\"content component__quote-content \"><span class=\"quote-icon\"><?xml version=\"1.0\" ?><svg fill=\"none\" height=\"48\" viewBox=\"0 0 48 48\" width=\"48\" xmlns=\"http:\/\/www.w3.org\/2000\/svg\"><path clip-rule=\"evenodd\" d=\"M18.8533 9.11599C11.3227 13.9523 7.13913 19.5812 6.30256 26.0029C5.00021 36 13.9404 40.8933 18.4703 36.4967C23.0002 32.1002 20.2848 26.5196 17.0047 24.9942C13.7246 23.4687 11.7187 24 12.0686 21.9616C12.4185 19.9231 17.0851 14.2713 21.1849 11.6392C21.4569 11.4079 21.5604 10.9591 21.2985 10.6187C21.1262 10.3947 20.7883 9.95557 20.2848 9.30114C19.8445 8.72888 19.4227 8.75029 18.8533 9.11599Z\" fill=\"black\" fill-rule=\"evenodd\"\/><path clip-rule=\"evenodd\" d=\"M38.6789 9.11599C31.1484 13.9523 26.9648 19.5812 26.1282 26.0029C24.8259 36 33.7661 40.8933 38.296 36.4967C42.8259 32.1002 40.1105 26.5196 36.8304 24.9942C33.5503 23.4687 31.5443 24 31.8943 21.9616C32.2442 19.9231 36.9108 14.2713 41.0106 11.6392C41.2826 11.4079 41.3861 10.9591 41.1241 10.6187C40.9519 10.3947 40.614 9.95557 40.1105 9.30114C39.6702 8.72888 39.2484 8.75029 38.6789 9.11599Z\" fill=\"black\" fill-rule=\"evenodd\"\/><\/svg><\/span> <div class=\"quote mb-5\"><em>El observatorio nos permite no s\u00f3lo saber cu\u00e1l es el estado del arte actual de los factores del mercado laboral de la regi\u00f3n, sino que nos posibilitar\u00e1 contar con datos para proyectar mayor pertinencia de las decisiones, tanto de organismos privados como p\u00fablicos<\/em> <span class=\"quote-icon-2\"><?xml version=\"1.0\" ?><svg fill=\"none\" height=\"48\" viewBox=\"0 0 48 48\" width=\"48\" xmlns=\"http:\/\/www.w3.org\/2000\/svg\"><path clip-rule=\"evenodd\" d=\"M18.8533 9.11599C11.3227 13.9523 7.13913 19.5812 6.30256 26.0029C5.00021 36 13.9404 40.8933 18.4703 36.4967C23.0002 32.1002 20.2848 26.5196 17.0047 24.9942C13.7246 23.4687 11.7187 24 12.0686 21.9616C12.4185 19.9231 17.0851 14.2713 21.1849 11.6392C21.4569 11.4079 21.5604 10.9591 21.2985 10.6187C21.1262 10.3947 20.7883 9.95557 20.2848 9.30114C19.8445 8.72888 19.4227 8.75029 18.8533 9.11599Z\" fill=\"black\" fill-rule=\"evenodd\"\/><path clip-rule=\"evenodd\" d=\"M38.6789 9.11599C31.1484 13.9523 26.9648 19.5812 26.1282 26.0029C24.8259 36 33.7661 40.8933 38.296 36.4967C42.8259 32.1002 40.1105 26.5196 36.8304 24.9942C33.5503 23.4687 31.5443 24 31.8943 21.9616C32.2442 19.9231 36.9108 14.2713 41.0106 11.6392C41.2826 11.4079 41.3861 10.9591 41.1241 10.6187C40.9519 10.3947 40.614 9.95557 40.1105 9.30114C39.6702 8.72888 39.2484 8.75029 38.6789 9.11599Z\" fill=\"black\" fill-rule=\"evenodd\"\/><\/svg><\/span><\/div><\/div><div class=\"col-12 component__quote-name row\"><div class=\"col quote__profile\"><div class=\"img-wrap\"><img decoding=\"async\" data-src=\"https:\/\/www.uoh.cl\/investigacion\/wp-content\/uploads\/sites\/12\/2022\/09\/Eolo-Diaz-Tendero-150x150.jpg\" src=\"data:image\/svg+xml;base64,PHN2ZyB3aWR0aD0iMSIgaGVpZ2h0PSIxIiB4bWxucz0iaHR0cDovL3d3dy53My5vcmcvMjAwMC9zdmciPjwvc3ZnPg==\" class=\"lazyload\" style=\"--smush-placeholder-width: 150px; --smush-placeholder-aspect-ratio: 150\/150;\"><\/div><\/div><div class=\"col row m-0 align-items-end p-0 quote__profile-content\"><div class=\"p-0 pb-2\"><h5 class=\"m-0 title title--inter\">Eolo D\u00edaz-Tendero<\/h5><span>Director del Observatorio Laboral de O'Higgins<\/span><\/div><\/div><\/div><\/div><\/div>[\/vc_column_inner][\/vc_row_inner][\/vc_column][\/vc_row][vc_row][vc_column width=&#8221;1\/2&#8243;][vc_column_text][\/vc_column_text][\/vc_column][vc_column width=&#8221;1\/2&#8243;][\/vc_column][\/vc_row][\/vc_section][vc_section css=&#8221;.vc_custom_1670937901132{background-color: #f6faff !important;}&#8221;][vc_row][vc_column][vc_column_text]<\/p>\n<p>&nbsp;<\/p>\n<p>[\/vc_column_text][\/vc_column][\/vc_row][\/vc_section][vc_section el_class=&#8221;container mx-auto p-md-0 align-items-center pb-5&#8243; el_id=&#8221;cifras&#8221;][vc_row][vc_column]<div class=\"uoh_title_component-container\"><h2 class=\"title title--ms d-inline-block medium\">Panorama Laboral Regi\u00f3n de O&#8217;Higgins<\/h2><\/div>[\/vc_column][\/vc_row][vc_row][vc_column][vc_single_image image=&#8221;6634&#8243; img_size=&#8221;full&#8221;][\/vc_column][\/vc_row][\/vc_section][vc_section css=&#8221;.vc_custom_1670958204351{margin-bottom: 60px !important;background-color: #f6faff !important;}&#8221;][vc_row el_class=&#8221;container mx-auto p-md-0 align-items-center pb-5&#8243;][vc_column][vc_column_text]<\/p>\n<p>&nbsp;<\/p>\n<p>[\/vc_column_text][\/vc_column][\/vc_row][\/vc_section][vc_section el_class=&#8221;container mx-auto p-0 align-items-center pb-5&#8243;][\/vc_section][vc_section el_class=&#8221;container mx-auto p-md-0 align-items-center pb-5&#8243; css=&#8221;.vc_custom_1670958214085{background-color: #f6faff !important;}&#8221;][vc_row el_class=&#8221;container mx-auto p-md-0 align-items-center pb-5&#8243;][vc_column][vc_column_text]<\/p>\n<p>[\/vc_column_text][\/vc_column][\/vc_row][\/vc_section][vc_section el_id=&#8221;equipo&#8221; el_class=&#8221;container mx-auto p-md-0 align-items-center&#8221; css=&#8221;.vc_custom_1670958120540{margin-bottom: 60px !important;}&#8221;][vc_row][vc_column]<div class=\"uoh_title_component-container\"><h2 class=\"title title--ms d-inline-block medium\">Equipo<\/h2><\/div><div class=\"authorities-container authorities-container--five-per-line px-0 content-holder\"><div class=\"authorities-container__box\"><figure><img decoding=\"async\" data-src=\"https:\/\/www.uoh.cl\/investigacion\/wp-content\/uploads\/sites\/12\/2022\/12\/Eolo-300x300.jpg\" alt=\"\" src=\"data:image\/svg+xml;base64,PHN2ZyB3aWR0aD0iMSIgaGVpZ2h0PSIxIiB4bWxucz0iaHR0cDovL3d3dy53My5vcmcvMjAwMC9zdmciPjwvc3ZnPg==\" class=\"lazyload\" style=\"--smush-placeholder-width: 300px; --smush-placeholder-aspect-ratio: 300\/300;\"><figcaption><a href=\"https:\/\/www.uoh.cl\/investigacion\/equipo\/eolo-diaz-tendero-2\/\"><div class=\"flex\">Eolo D\u00edaz-Tendero<span>Director<\/span><\/div><svg version=\"1.1\" xmlns=\"http:\/\/www.w3.org\/2000\/svg\" xmlns:xlink=\"http:\/\/www.w3.org\/1999\/xlink\" x=\"0px\" y=\"0px\" width=\"22px\"height=\"22px\" viewBox=\"0 0 22 22\" style=\"overflow:visible;enable-background:new 0 0 80 64.6;\" xml:space=\"preserve\"><g clip-path=\"url(#acA)\"><path fill-rule=\"evenodd\" d=\"M21.913 11.266a.93.93 0 000-.711c-.022-.056-.063-.097-.091-.144s-.053-.103-.097-.15L12.306.294c-.357-.379-.955-.394-1.334-.038s-.394.955-.038 1.334l7.917 8.374H.927a.95.95 0 00-.908.983.946.946 0 00.908.908h17.924l-8.089 8.552c-.357.379-.341.977.034 1.334s.977.341 1.334-.034l9.594-10.148c.044-.044.063-.1.097-.15.028-.047.069-.088.091-.141z\"\/><\/g><defs><clipPath id=\"acA\"><path fill=\"#fff\" d=\"M0 0h22v22H0z\"\/><\/clipPath><\/defs><\/svg><\/a><\/figcaption><\/figure><\/div><div class=\"authorities-container__box\"><figure><img decoding=\"async\" data-src=\"https:\/\/www.uoh.cl\/investigacion\/wp-content\/uploads\/sites\/12\/2022\/12\/Mauricio-300x300.jpg\" alt=\"\" src=\"data:image\/svg+xml;base64,PHN2ZyB3aWR0aD0iMSIgaGVpZ2h0PSIxIiB4bWxucz0iaHR0cDovL3d3dy53My5vcmcvMjAwMC9zdmciPjwvc3ZnPg==\" class=\"lazyload\" style=\"--smush-placeholder-width: 300px; --smush-placeholder-aspect-ratio: 300\/300;\"><figcaption><a href=\"https:\/\/www.uoh.cl\/investigacion\/equipo\/mauricio-munoz\/\"><div class=\"flex\">Mauricio Mu\u00f1oz<span>Coordinador<\/span><\/div><svg version=\"1.1\" xmlns=\"http:\/\/www.w3.org\/2000\/svg\" xmlns:xlink=\"http:\/\/www.w3.org\/1999\/xlink\" x=\"0px\" y=\"0px\" width=\"22px\"height=\"22px\" viewBox=\"0 0 22 22\" style=\"overflow:visible;enable-background:new 0 0 80 64.6;\" xml:space=\"preserve\"><g clip-path=\"url(#acA)\"><path fill-rule=\"evenodd\" d=\"M21.913 11.266a.93.93 0 000-.711c-.022-.056-.063-.097-.091-.144s-.053-.103-.097-.15L12.306.294c-.357-.379-.955-.394-1.334-.038s-.394.955-.038 1.334l7.917 8.374H.927a.95.95 0 00-.908.983.946.946 0 00.908.908h17.924l-8.089 8.552c-.357.379-.341.977.034 1.334s.977.341 1.334-.034l9.594-10.148c.044-.044.063-.1.097-.15.028-.047.069-.088.091-.141z\"\/><\/g><defs><clipPath id=\"acA\"><path fill=\"#fff\" d=\"M0 0h22v22H0z\"\/><\/clipPath><\/defs><\/svg><\/a><\/figcaption><\/figure><\/div><div class=\"authorities-container__box\"><figure><img decoding=\"async\" data-src=\"https:\/\/www.uoh.cl\/investigacion\/wp-content\/uploads\/sites\/12\/2022\/12\/Maria-Cristina-300x300.jpg\" alt=\"\" src=\"data:image\/svg+xml;base64,PHN2ZyB3aWR0aD0iMSIgaGVpZ2h0PSIxIiB4bWxucz0iaHR0cDovL3d3dy53My5vcmcvMjAwMC9zdmciPjwvc3ZnPg==\" class=\"lazyload\" style=\"--smush-placeholder-width: 300px; --smush-placeholder-aspect-ratio: 300\/300;\"><figcaption><a href=\"https:\/\/www.uoh.cl\/investigacion\/equipo\/maria-cristina-hernandez\/\"><div class=\"flex\">Mar\u00eda Cristina Hern\u00e1ndez<span>Analista Cualitativa<\/span><\/div><svg version=\"1.1\" xmlns=\"http:\/\/www.w3.org\/2000\/svg\" xmlns:xlink=\"http:\/\/www.w3.org\/1999\/xlink\" x=\"0px\" y=\"0px\" width=\"22px\"height=\"22px\" viewBox=\"0 0 22 22\" style=\"overflow:visible;enable-background:new 0 0 80 64.6;\" xml:space=\"preserve\"><g clip-path=\"url(#acA)\"><path fill-rule=\"evenodd\" d=\"M21.913 11.266a.93.93 0 000-.711c-.022-.056-.063-.097-.091-.144s-.053-.103-.097-.15L12.306.294c-.357-.379-.955-.394-1.334-.038s-.394.955-.038 1.334l7.917 8.374H.927a.95.95 0 00-.908.983.946.946 0 00.908.908h17.924l-8.089 8.552c-.357.379-.341.977.034 1.334s.977.341 1.334-.034l9.594-10.148c.044-.044.063-.1.097-.15.028-.047.069-.088.091-.141z\"\/><\/g><defs><clipPath id=\"acA\"><path fill=\"#fff\" d=\"M0 0h22v22H0z\"\/><\/clipPath><\/defs><\/svg><\/a><\/figcaption><\/figure><\/div><div class=\"authorities-container__box\"><figure><img decoding=\"async\" data-src=\"https:\/\/www.uoh.cl\/investigacion\/wp-content\/uploads\/sites\/12\/2022\/12\/Franco-300x300.jpg\" alt=\"\" src=\"data:image\/svg+xml;base64,PHN2ZyB3aWR0aD0iMSIgaGVpZ2h0PSIxIiB4bWxucz0iaHR0cDovL3d3dy53My5vcmcvMjAwMC9zdmciPjwvc3ZnPg==\" class=\"lazyload\" style=\"--smush-placeholder-width: 300px; --smush-placeholder-aspect-ratio: 300\/300;\"><figcaption><a href=\"https:\/\/www.uoh.cl\/investigacion\/equipo\/franco-antonucci\/\"><div class=\"flex\">Franco Antonucci<span>Analista Cuantitativo<\/span><\/div><svg version=\"1.1\" xmlns=\"http:\/\/www.w3.org\/2000\/svg\" xmlns:xlink=\"http:\/\/www.w3.org\/1999\/xlink\" x=\"0px\" y=\"0px\" width=\"22px\"height=\"22px\" viewBox=\"0 0 22 22\" style=\"overflow:visible;enable-background:new 0 0 80 64.6;\" xml:space=\"preserve\"><g clip-path=\"url(#acA)\"><path fill-rule=\"evenodd\" d=\"M21.913 11.266a.93.93 0 000-.711c-.022-.056-.063-.097-.091-.144s-.053-.103-.097-.15L12.306.294c-.357-.379-.955-.394-1.334-.038s-.394.955-.038 1.334l7.917 8.374H.927a.95.95 0 00-.908.983.946.946 0 00.908.908h17.924l-8.089 8.552c-.357.379-.341.977.034 1.334s.977.341 1.334-.034l9.594-10.148c.044-.044.063-.1.097-.15.028-.047.069-.088.091-.141z\"\/><\/g><defs><clipPath id=\"acA\"><path fill=\"#fff\" d=\"M0 0h22v22H0z\"\/><\/clipPath><\/defs><\/svg><\/a><\/figcaption><\/figure><\/div><div class=\"authorities-container__box\"><figure><img decoding=\"async\" data-src=\"https:\/\/www.uoh.cl\/investigacion\/wp-content\/uploads\/sites\/12\/2022\/12\/Javiera-300x300.jpg\" alt=\"\" src=\"data:image\/svg+xml;base64,PHN2ZyB3aWR0aD0iMSIgaGVpZ2h0PSIxIiB4bWxucz0iaHR0cDovL3d3dy53My5vcmcvMjAwMC9zdmciPjwvc3ZnPg==\" class=\"lazyload\" style=\"--smush-placeholder-width: 300px; --smush-placeholder-aspect-ratio: 300\/300;\"><figcaption><a href=\"https:\/\/www.uoh.cl\/investigacion\/equipo\/javiera-canales\/\"><div class=\"flex\">Javiera Canales<span>Gesti\u00f3n Financiera y Administrativa<\/span><\/div><svg version=\"1.1\" xmlns=\"http:\/\/www.w3.org\/2000\/svg\" xmlns:xlink=\"http:\/\/www.w3.org\/1999\/xlink\" x=\"0px\" y=\"0px\" width=\"22px\"height=\"22px\" viewBox=\"0 0 22 22\" style=\"overflow:visible;enable-background:new 0 0 80 64.6;\" xml:space=\"preserve\"><g clip-path=\"url(#acA)\"><path fill-rule=\"evenodd\" d=\"M21.913 11.266a.93.93 0 000-.711c-.022-.056-.063-.097-.091-.144s-.053-.103-.097-.15L12.306.294c-.357-.379-.955-.394-1.334-.038s-.394.955-.038 1.334l7.917 8.374H.927a.95.95 0 00-.908.983.946.946 0 00.908.908h17.924l-8.089 8.552c-.357.379-.341.977.034 1.334s.977.341 1.334-.034l9.594-10.148c.044-.044.063-.1.097-.15.028-.047.069-.088.091-.141z\"\/><\/g><defs><clipPath id=\"acA\"><path fill=\"#fff\" d=\"M0 0h22v22H0z\"\/><\/clipPath><\/defs><\/svg><\/a><\/figcaption><\/figure><\/div><div class=\"authorities-container__box\"><figure><img decoding=\"async\" data-src=\"https:\/\/www.uoh.cl\/investigacion\/wp-content\/uploads\/sites\/12\/2022\/12\/Cristian-300x300.jpg\" alt=\"\" src=\"data:image\/svg+xml;base64,PHN2ZyB3aWR0aD0iMSIgaGVpZ2h0PSIxIiB4bWxucz0iaHR0cDovL3d3dy53My5vcmcvMjAwMC9zdmciPjwvc3ZnPg==\" class=\"lazyload\" style=\"--smush-placeholder-width: 300px; --smush-placeholder-aspect-ratio: 300\/300;\"><figcaption><a href=\"https:\/\/www.uoh.cl\/investigacion\/equipo\/cristian-moreno\/\"><div class=\"flex\">Cristian Moreno<span>Coordinador de Comunicaciones y Vinculaci\u00f3n<\/span><\/div><svg version=\"1.1\" xmlns=\"http:\/\/www.w3.org\/2000\/svg\" xmlns:xlink=\"http:\/\/www.w3.org\/1999\/xlink\" x=\"0px\" y=\"0px\" width=\"22px\"height=\"22px\" viewBox=\"0 0 22 22\" style=\"overflow:visible;enable-background:new 0 0 80 64.6;\" xml:space=\"preserve\"><g clip-path=\"url(#acA)\"><path fill-rule=\"evenodd\" d=\"M21.913 11.266a.93.93 0 000-.711c-.022-.056-.063-.097-.091-.144s-.053-.103-.097-.15L12.306.294c-.357-.379-.955-.394-1.334-.038s-.394.955-.038 1.334l7.917 8.374H.927a.95.95 0 00-.908.983.946.946 0 00.908.908h17.924l-8.089 8.552c-.357.379-.341.977.034 1.334s.977.341 1.334-.034l9.594-10.148c.044-.044.063-.1.097-.15.028-.047.069-.088.091-.141z\"\/><\/g><defs><clipPath id=\"acA\"><path fill=\"#fff\" d=\"M0 0h22v22H0z\"\/><\/clipPath><\/defs><\/svg><\/a><\/figcaption><\/figure><\/div><\/div><\/div><\/div>[\/vc_column][\/vc_row][\/vc_section]<\/p>\n<\/div>","protected":false},"excerpt":{"rendered":"<p>[vc_row el_class=&#8221;mobile-padding-0&#8243;][vc_column el_class=&#8221;mobile-padding-0&#8243;][\/vc_column][\/vc_row][vc_section el_id=&#8221;observatorio&#8221; el_class=&#8221;container mx-auto p-md-0 align-items-center&#8221;][vc_row][vc_column][vc_wp_custommenu nav_menu=&#8221;191&#8243;][\/vc_column][\/vc_row][vc_row el_class=&#8221;pt-5 pb-5 m-0&#8243;][vc_column el_class=&#8221;m-0&#8243;][vc_row_inner content_placement=&#8221;middle&#8221; el_class=&#8221;pb-5&#8243;][vc_column_inner width=&#8221;1\/2&#8243; css=&#8221;.vc_custom_1648841686405{margin-right: 100px !important;}&#8221;][vc_column_text css=&#8221;.vc_custom_1715180350314{margin-bottom: 3rem !important;}&#8221;] El Observatorio Laboral de la Regi\u00f3n de O\u2019Higgins es una iniciativa de la Subsecretar\u00eda del Trabajo y es ejecutada por la Universidad de O&#8217;Higgins. Su misi\u00f3n es producir informaci\u00f3n sobre el mercado laboral [&hellip;]<\/p>\n","protected":false},"author":34,"featured_media":0,"parent":0,"menu_order":0,"comment_status":"closed","ping_status":"closed","template":"","meta":{"_acf_changed":false,"footnotes":""},"class_list":["post-3474","page","type-page","status-publish","hentry"],"acf":[],"yoast_head":"<!-- This site is optimized with the Yoast SEO plugin v26.6 - https:\/\/yoast.com\/wordpress\/plugins\/seo\/ -->\n<title>Observatorio Laboral de O&#039;Higgins - Investigaci\u00f3n<\/title>\n<meta name=\"robots\" content=\"index, follow, max-snippet:-1, max-image-preview:large, max-video-preview:-1\" \/>\n<link rel=\"canonical\" href=\"https:\/\/www.uoh.cl\/investigacion\/olo\/\" \/>\n<meta property=\"og:locale\" content=\"es_ES\" \/>\n<meta property=\"og:type\" content=\"article\" \/>\n<meta property=\"og:title\" content=\"Observatorio Laboral de O&#039;Higgins - Investigaci\u00f3n\" \/>\n<meta property=\"og:description\" content=\"[vc_row el_class=&#8221;mobile-padding-0&#8243;][vc_column el_class=&#8221;mobile-padding-0&#8243;][\/vc_column][\/vc_row][vc_section el_id=&#8221;observatorio&#8221; el_class=&#8221;container mx-auto p-md-0 align-items-center&#8221;][vc_row][vc_column][vc_wp_custommenu nav_menu=&#8221;191&#8243;][\/vc_column][\/vc_row][vc_row el_class=&#8221;pt-5 pb-5 m-0&#8243;][vc_column el_class=&#8221;m-0&#8243;][vc_row_inner content_placement=&#8221;middle&#8221; el_class=&#8221;pb-5&#8243;][vc_column_inner width=&#8221;1\/2&#8243; css=&#8221;.vc_custom_1648841686405{margin-right: 100px !important;}&#8221;][vc_column_text css=&#8221;.vc_custom_1715180350314{margin-bottom: 3rem !important;}&#8221;] El Observatorio Laboral de la Regi\u00f3n de O\u2019Higgins es una iniciativa de la Subsecretar\u00eda del Trabajo y es ejecutada por la Universidad de O&#8217;Higgins. Su misi\u00f3n es producir informaci\u00f3n sobre el mercado laboral [&hellip;]\" \/>\n<meta property=\"og:url\" content=\"https:\/\/www.uoh.cl\/investigacion\/olo\/\" \/>\n<meta property=\"og:site_name\" content=\"Investigaci\u00f3n\" \/>\n<meta property=\"article:modified_time\" content=\"2024-05-09T20:36:17+00:00\" \/>\n<meta name=\"twitter:card\" content=\"summary_large_image\" \/>\n<meta name=\"twitter:label1\" content=\"Tiempo estimado de lectura\" \/>\n\t<meta name=\"twitter:data1\" content=\"3 minutos\" \/>\n<script type=\"application\/ld+json\" class=\"yoast-schema-graph\">{\"@context\":\"https:\/\/schema.org\",\"@graph\":[{\"@type\":\"WebPage\",\"@id\":\"https:\/\/www.uoh.cl\/investigacion\/olo\/\",\"url\":\"https:\/\/www.uoh.cl\/investigacion\/olo\/\",\"name\":\"Observatorio Laboral de O'Higgins - Investigaci\u00f3n\",\"isPartOf\":{\"@id\":\"https:\/\/www.uoh.cl\/investigacion\/#website\"},\"datePublished\":\"2022-09-13T12:04:30+00:00\",\"dateModified\":\"2024-05-09T20:36:17+00:00\",\"inLanguage\":\"es-CL\",\"potentialAction\":[{\"@type\":\"ReadAction\",\"target\":[\"https:\/\/www.uoh.cl\/investigacion\/olo\/\"]}]},{\"@type\":\"WebSite\",\"@id\":\"https:\/\/www.uoh.cl\/investigacion\/#website\",\"url\":\"https:\/\/www.uoh.cl\/investigacion\/\",\"name\":\"Investigaci\u00f3n\",\"description\":\"Sitio web de investigaci\u00f3n\",\"potentialAction\":[{\"@type\":\"SearchAction\",\"target\":{\"@type\":\"EntryPoint\",\"urlTemplate\":\"https:\/\/www.uoh.cl\/investigacion\/?s={search_term_string}\"},\"query-input\":{\"@type\":\"PropertyValueSpecification\",\"valueRequired\":true,\"valueName\":\"search_term_string\"}}],\"inLanguage\":\"es-CL\"}]}<\/script>\n<!-- \/ Yoast SEO plugin. -->","yoast_head_json":{"title":"Observatorio Laboral de O'Higgins - Investigaci\u00f3n","robots":{"index":"index","follow":"follow","max-snippet":"max-snippet:-1","max-image-preview":"max-image-preview:large","max-video-preview":"max-video-preview:-1"},"canonical":"https:\/\/www.uoh.cl\/investigacion\/olo\/","og_locale":"es_ES","og_type":"article","og_title":"Observatorio Laboral de O'Higgins - Investigaci\u00f3n","og_description":"[vc_row el_class=&#8221;mobile-padding-0&#8243;][vc_column el_class=&#8221;mobile-padding-0&#8243;][\/vc_column][\/vc_row][vc_section el_id=&#8221;observatorio&#8221; el_class=&#8221;container mx-auto p-md-0 align-items-center&#8221;][vc_row][vc_column][vc_wp_custommenu nav_menu=&#8221;191&#8243;][\/vc_column][\/vc_row][vc_row el_class=&#8221;pt-5 pb-5 m-0&#8243;][vc_column el_class=&#8221;m-0&#8243;][vc_row_inner content_placement=&#8221;middle&#8221; el_class=&#8221;pb-5&#8243;][vc_column_inner width=&#8221;1\/2&#8243; css=&#8221;.vc_custom_1648841686405{margin-right: 100px !important;}&#8221;][vc_column_text css=&#8221;.vc_custom_1715180350314{margin-bottom: 3rem !important;}&#8221;] El Observatorio Laboral de la Regi\u00f3n de O\u2019Higgins es una iniciativa de la Subsecretar\u00eda del Trabajo y es ejecutada por la Universidad de O&#8217;Higgins. Su misi\u00f3n es producir informaci\u00f3n sobre el mercado laboral [&hellip;]","og_url":"https:\/\/www.uoh.cl\/investigacion\/olo\/","og_site_name":"Investigaci\u00f3n","article_modified_time":"2024-05-09T20:36:17+00:00","twitter_card":"summary_large_image","twitter_misc":{"Tiempo estimado de lectura":"3 minutos"},"schema":{"@context":"https:\/\/schema.org","@graph":[{"@type":"WebPage","@id":"https:\/\/www.uoh.cl\/investigacion\/olo\/","url":"https:\/\/www.uoh.cl\/investigacion\/olo\/","name":"Observatorio Laboral de O'Higgins - Investigaci\u00f3n","isPartOf":{"@id":"https:\/\/www.uoh.cl\/investigacion\/#website"},"datePublished":"2022-09-13T12:04:30+00:00","dateModified":"2024-05-09T20:36:17+00:00","inLanguage":"es-CL","potentialAction":[{"@type":"ReadAction","target":["https:\/\/www.uoh.cl\/investigacion\/olo\/"]}]},{"@type":"WebSite","@id":"https:\/\/www.uoh.cl\/investigacion\/#website","url":"https:\/\/www.uoh.cl\/investigacion\/","name":"Investigaci\u00f3n","description":"Sitio web de investigaci\u00f3n","potentialAction":[{"@type":"SearchAction","target":{"@type":"EntryPoint","urlTemplate":"https:\/\/www.uoh.cl\/investigacion\/?s={search_term_string}"},"query-input":{"@type":"PropertyValueSpecification","valueRequired":true,"valueName":"search_term_string"}}],"inLanguage":"es-CL"}]}},"_links":{"self":[{"href":"https:\/\/www.uoh.cl\/investigacion\/wp-json\/wp\/v2\/pages\/3474","targetHints":{"allow":["GET"]}}],"collection":[{"href":"https:\/\/www.uoh.cl\/investigacion\/wp-json\/wp\/v2\/pages"}],"about":[{"href":"https:\/\/www.uoh.cl\/investigacion\/wp-json\/wp\/v2\/types\/page"}],"author":[{"embeddable":true,"href":"https:\/\/www.uoh.cl\/investigacion\/wp-json\/wp\/v2\/users\/34"}],"replies":[{"embeddable":true,"href":"https:\/\/www.uoh.cl\/investigacion\/wp-json\/wp\/v2\/comments?post=3474"}],"version-history":[{"count":22,"href":"https:\/\/www.uoh.cl\/investigacion\/wp-json\/wp\/v2\/pages\/3474\/revisions"}],"predecessor-version":[{"id":10323,"href":"https:\/\/www.uoh.cl\/investigacion\/wp-json\/wp\/v2\/pages\/3474\/revisions\/10323"}],"wp:attachment":[{"href":"https:\/\/www.uoh.cl\/investigacion\/wp-json\/wp\/v2\/media?parent=3474"}],"curies":[{"name":"wp","href":"https:\/\/api.w.org\/{rel}","templated":true}]}}