
{"id":1100,"date":"2023-08-24T10:42:14","date_gmt":"2023-08-24T13:42:14","guid":{"rendered":"https:\/\/www.uoh.cl\/internacional\/?page_id=1100"},"modified":"2024-10-23T11:16:13","modified_gmt":"2024-10-23T14:16:13","slug":"semana-internacional","status":"publish","type":"page","link":"https:\/\/www.uoh.cl\/internacional\/semana-internacional\/","title":{"rendered":"Semana Internacional UOH"},"content":{"rendered":"<div class=\"wpb-content-wrapper\"><p>[vc_section el_class=&#8221;container mx-auto align-items-center circle&#8211;pattern&#8221; css=&#8221;.vc_custom_1648956589196{padding-top: 3rem !important;}&#8221;][vc_row el_class=&#8221;pb-5&#8243;][vc_column][vc_wp_custommenu nav_menu=&#8221;3&#8243;][vc_wp_custommenu nav_menu=&#8221;6&#8243;]<div class=\"breadcrumb\"><ol itemscope itemtype=\"https:\/\/schema.org\/BreadcrumbList\"><li itemprop=\"itemListElement\" itemscope itemtype=\"https:\/\/schema.org\/ListItem\"><a itemprop=\"item\" href=\"http:\/\/www.uoh.cl\"><span itemprop=\"name\">Inicio<\/span><\/a><meta itemprop=\"position\" content=\"1\" \/><li itemprop=\"itemListElement\" itemscope itemtype=\"https:\/\/schema.org\/ListItem\"><a itemprop=\"item\" href=\"https:\/\/www.uoh.cl\/internacional\"><span itemprop=\"name\">Direcci\u00f3n de Internacionalizaci\u00f3n<\/span><\/a><meta itemprop=\"position\" content=\"2\" \/><li itemprop=\"itemListElement\" itemscope itemtype=\"https:\/\/schema.org\/ListItem\"><span itemprop=\"name\">Semana Internacional UOH <\/span><meta itemprop=\"position\" content=\"3\" \/><\/ol><\/div><div class=\"uoh_title_component-container\"><h1 class=\"title title--ms d-inline-block title--decorator  big\">Semana Internacional UOH<\/h1><\/div>[vc_column_text css=&#8221;&#8221;]La Semana Internacional UOH es la principal actividad de Internacionalizaci\u00f3n en Casa que se realiza en la Universidad de O&#8217;Higgins. Una vez al a\u00f1o, realizamos diversas actividades con organizaciones de todo el mundo, quienes traen la riqueza cultural, bailes, actividades acad\u00e9micas y mucho m\u00e1s a toda la comunidad universitaria.<\/p>\n<p>Conoce m\u00e1s sobre las distintas versiones que hemos realizado a lo largo de los a\u00f1os:[\/vc_column_text][\/vc_column][\/vc_row][\/vc_section][vc_section css=&#8221;.vc_custom_1649209804184{background-color: #f6faff !important;}&#8221; el_class=&#8221;p-md-0 pt-md-5&#8243;][vc_row el_class=&#8221;container mx-auto align-items-center p-md-0 pt-5&#8243;][vc_column el_class=&#8221;p-0&#8243;][vc_tta_accordion gap=&#8221;3&#8243; c_align=&#8221;left&#8221; c_position=&#8221;left&#8221; active_section=&#8221;&#8221; collapsible_all=&#8221;true&#8221;][vc_tta_section title=&#8221;1\u00aa Semana Internacional (2021)&#8221; tab_id=&#8221;1729626582797-21309e69-eaee&#8221;][vc_column_text css=&#8221;&#8221;]<strong>7 al 9 de junio de 2021<\/strong><\/p>\n<p>La 1\u00aa Semana Internacional nace en medio de la pandemia, siendo realizada completamente en formato virtual. A pesar de la incertidumbre y las restricciones de viajes internacionales, la actividad entreg\u00f3 una mirada global sobre los estudios y la investigaci\u00f3n a la comunidad UOH, que desde sus hogares pudieron conocer m\u00e1s sobre Alemania, China, Estados Unidos y Francia.[\/vc_column_text][\/vc_tta_section][vc_tta_section title=&#8221;2\u00aa Semana Internacional (2022)&#8221; tab_id=&#8221;1729626650931-2d0f3fb5-f758&#8243;][vc_column_text css=&#8221;&#8221;]<strong>13 al 22 de junio de 2022<\/strong><\/p>\n<p>La primera versi\u00f3n presencial de la Semana Internacional. A\u00fan con algunas restricciones de la pandemia, pudimos contar con la presencia de destacadas organizaciones en este evento que convoc\u00f3 a estudiantes y acad\u00e9micos\/as de Campus Rancagua y Campus Colchagua.[\/vc_column_text][\/vc_tta_section][vc_tta_section title=&#8221;3\u00aa Semana Internacional (2023)&#8221; tab_id=&#8221;1729627670921-000e63fb-864e&#8221;][vc_column_text css=&#8221;&#8221;]<strong>2 al 6 de octubre de 2023<\/strong><\/p>\n<p>Originalmente, la 3\u00aa Semana Internacional iba a ser realizada en el mes de junio. Sin embargo, debido al temporal que azot\u00f3 a la zona central del pa\u00eds, se decidi\u00f3 reagendarla para el mes de octubre. Este cambio permiti\u00f3 realizar el evento con un mejor tiempo y con mayor participaci\u00f3n de organizaciones internacionales. Contamos con baile, m\u00fasica, muestras culturales, charlas de diversos programas y stands informativos.[\/vc_column_text][vc_zigzag color=&#8221;custom&#8221; custom_color=&#8221;#F6FAFF&#8221;][vc_btn title=&#8221;Ver todos los detalles&#8221; color=&#8221;blue&#8221; css=&#8221;&#8221; link=&#8221;url:https%3A%2F%2Fsites.google.com%2Fuoh.cl%2Fsemanainternacional%2Finicio|target:_blank&#8221;][\/vc_tta_section][vc_tta_section title=&#8221;4\u00aa Semana Internacional (2024)&#8221; tab_id=&#8221;1729627443575-5cca112a-5da5&#8243;][vc_column_text css=&#8221;&#8221;]<strong>7 al 11 de octubre de 2024<\/strong><\/p>\n<p>La 4\u00aa Semana Internacional trajo a nuestra universidad a 17 organizaciones e instituciones extranjeras, siendo la m\u00e1s grande efectuada hasta el momento. Con la realizaci\u00f3n de dos Jornadas Globales, adem\u00e1s de charlas, galer\u00edas, actividades culturales y la ya tradicional Feria de Organizaciones Internacionales, tuvimos una semana cargada de interesantes actividades, por primera vez, de todos los continentes habitados.[\/vc_column_text][vc_zigzag color=&#8221;custom&#8221; custom_color=&#8221;#F6FAFF&#8221;][vc_btn title=&#8221;Ver todos los detalles&#8221; color=&#8221;blue&#8221; css=&#8221;&#8221; link=&#8221;url:https%3A%2F%2Fwww.uoh.cl%2Finternacional%2Fsemana-internacional%2F4a-semana-internacional-uoh%2F|target:_blank&#8221;][\/vc_tta_section][vc_tta_section title=&#8221;5\u00aa Semana Internacional (2025)&#8221; tab_id=&#8221;1729626671831-6a5fe612-217c&#8221;][vc_column_text css=&#8221;&#8221;]No realizada por motivos de fuerza mayor[\/vc_column_text][\/vc_tta_section][vc_tta_section title=&#8221;6\u00aa Semana Internacional (2026)&#8221; tab_id=&#8221;1774442815268-2ea20d34-6e55&#8243;][vc_column_text css=&#8221;&#8221;]<strong>20 al 24 de abril de 2026<\/strong><\/p>\n<p>La 6\u00aa Semana Internacional llega a la UOH, por primera vez en oto\u00f1o. Esta nueva edici\u00f3n llega cargada de diversas actividades abiertas a toda la comunidad UOH y de toda la regi\u00f3n, presentando eventos de estudios y trabajo en el extranjero, cursos de idiomas, informaci\u00f3n de becas, visas y programas, actividades culturales y mucho m\u00e1s.[\/vc_column_text][vc_zigzag color=&#8221;custom&#8221; custom_color=&#8221;#F6FAFF&#8221;][vc_btn title=&#8221;Ver todos los detalles&#8221; color=&#8221;blue&#8221; css=&#8221;&#8221; link=&#8221;url:https%3A%2F%2Fwww.uoh.cl%2Finternacional%2Fsemana-internacional%2F6a-semana-internacional-uoh%2F|target:_blank&#8221;][\/vc_tta_section][\/vc_tta_accordion][\/vc_column][\/vc_row][\/vc_section][vc_section css=&#8221;.vc_custom_1649210787516{background-color: #f6faff !important;}&#8221; el_class=&#8221;p-md-0 pt-md-5 pb-md-5&#8243;][vc_row el_class=&#8221;container mx-auto align-items-center&#8221;][vc_column][\/vc_column][\/vc_row][\/vc_section]<\/p>\n<\/div>","protected":false},"excerpt":{"rendered":"<p>[vc_section el_class=&#8221;container mx-auto align-items-center circle&#8211;pattern&#8221; css=&#8221;.vc_custom_1648956589196{padding-top: 3rem !important;}&#8221;][vc_row el_class=&#8221;pb-5&#8243;][vc_column][vc_wp_custommenu nav_menu=&#8221;3&#8243;][vc_wp_custommenu nav_menu=&#8221;6&#8243;][vc_column_text css=&#8221;&#8221;]La Semana Internacional UOH es la principal actividad de Internacionalizaci\u00f3n en Casa que se realiza en la Universidad de O&#8217;Higgins. Una vez al a\u00f1o, realizamos diversas actividades con organizaciones de todo el mundo, quienes traen la riqueza cultural, bailes, actividades acad\u00e9micas y mucho m\u00e1s [&hellip;]<\/p>\n","protected":false},"author":38,"featured_media":0,"parent":0,"menu_order":0,"comment_status":"closed","ping_status":"closed","template":"","meta":{"_acf_changed":false,"footnotes":""},"class_list":["post-1100","page","type-page","status-publish","hentry"],"acf":[],"yoast_head":"<!-- This site is optimized with the Yoast SEO plugin v26.6 - https:\/\/yoast.com\/wordpress\/plugins\/seo\/ -->\n<title>Semana Internacional UOH - Direcci\u00f3n de Internacionalizaci\u00f3n<\/title>\n<meta name=\"robots\" content=\"index, follow, max-snippet:-1, max-image-preview:large, max-video-preview:-1\" \/>\n<link rel=\"canonical\" href=\"https:\/\/www.uoh.cl\/internacional\/semana-internacional\/\" \/>\n<meta property=\"og:locale\" content=\"es_ES\" \/>\n<meta property=\"og:type\" content=\"article\" \/>\n<meta property=\"og:title\" content=\"Semana Internacional UOH - Direcci\u00f3n de Internacionalizaci\u00f3n\" \/>\n<meta property=\"og:description\" content=\"[vc_section el_class=&#8221;container mx-auto align-items-center circle&#8211;pattern&#8221; css=&#8221;.vc_custom_1648956589196{padding-top: 3rem !important;}&#8221;][vc_row el_class=&#8221;pb-5&#8243;][vc_column][vc_wp_custommenu nav_menu=&#8221;3&#8243;][vc_wp_custommenu nav_menu=&#8221;6&#8243;][vc_column_text css=&#8221;&#8221;]La Semana Internacional UOH es la principal actividad de Internacionalizaci\u00f3n en Casa que se realiza en la Universidad de O&#8217;Higgins. Una vez al a\u00f1o, realizamos diversas actividades con organizaciones de todo el mundo, quienes traen la riqueza cultural, bailes, actividades acad\u00e9micas y mucho m\u00e1s [&hellip;]\" \/>\n<meta property=\"og:url\" content=\"https:\/\/www.uoh.cl\/internacional\/semana-internacional\/\" \/>\n<meta property=\"og:site_name\" content=\"Direcci\u00f3n de Internacionalizaci\u00f3n\" \/>\n<meta property=\"article:modified_time\" content=\"2024-10-23T14:16:13+00:00\" \/>\n<meta name=\"twitter:card\" content=\"summary_large_image\" \/>\n<meta name=\"twitter:label1\" content=\"Tiempo estimado de lectura\" \/>\n\t<meta name=\"twitter:data1\" content=\"3 minutos\" \/>\n<script type=\"application\/ld+json\" class=\"yoast-schema-graph\">{\"@context\":\"https:\/\/schema.org\",\"@graph\":[{\"@type\":\"WebPage\",\"@id\":\"https:\/\/www.uoh.cl\/internacional\/semana-internacional\/\",\"url\":\"https:\/\/www.uoh.cl\/internacional\/semana-internacional\/\",\"name\":\"Semana Internacional UOH - Direcci\u00f3n de Internacionalizaci\u00f3n\",\"isPartOf\":{\"@id\":\"https:\/\/www.uoh.cl\/internacional\/#website\"},\"datePublished\":\"2023-08-24T13:42:14+00:00\",\"dateModified\":\"2024-10-23T14:16:13+00:00\",\"inLanguage\":\"es-CL\",\"potentialAction\":[{\"@type\":\"ReadAction\",\"target\":[\"https:\/\/www.uoh.cl\/internacional\/semana-internacional\/\"]}]},{\"@type\":\"WebSite\",\"@id\":\"https:\/\/www.uoh.cl\/internacional\/#website\",\"url\":\"https:\/\/www.uoh.cl\/internacional\/\",\"name\":\"Direcci\u00f3n de Internacionalizaci\u00f3n\",\"description\":\"Otro sitio de Sitios de Universidad O'higgins\",\"potentialAction\":[{\"@type\":\"SearchAction\",\"target\":{\"@type\":\"EntryPoint\",\"urlTemplate\":\"https:\/\/www.uoh.cl\/internacional\/?s={search_term_string}\"},\"query-input\":{\"@type\":\"PropertyValueSpecification\",\"valueRequired\":true,\"valueName\":\"search_term_string\"}}],\"inLanguage\":\"es-CL\"}]}<\/script>\n<!-- \/ Yoast SEO plugin. -->","yoast_head_json":{"title":"Semana Internacional UOH - Direcci\u00f3n de Internacionalizaci\u00f3n","robots":{"index":"index","follow":"follow","max-snippet":"max-snippet:-1","max-image-preview":"max-image-preview:large","max-video-preview":"max-video-preview:-1"},"canonical":"https:\/\/www.uoh.cl\/internacional\/semana-internacional\/","og_locale":"es_ES","og_type":"article","og_title":"Semana Internacional UOH - Direcci\u00f3n de Internacionalizaci\u00f3n","og_description":"[vc_section el_class=&#8221;container mx-auto align-items-center circle&#8211;pattern&#8221; css=&#8221;.vc_custom_1648956589196{padding-top: 3rem !important;}&#8221;][vc_row el_class=&#8221;pb-5&#8243;][vc_column][vc_wp_custommenu nav_menu=&#8221;3&#8243;][vc_wp_custommenu nav_menu=&#8221;6&#8243;][vc_column_text css=&#8221;&#8221;]La Semana Internacional UOH es la principal actividad de Internacionalizaci\u00f3n en Casa que se realiza en la Universidad de O&#8217;Higgins. Una vez al a\u00f1o, realizamos diversas actividades con organizaciones de todo el mundo, quienes traen la riqueza cultural, bailes, actividades acad\u00e9micas y mucho m\u00e1s [&hellip;]","og_url":"https:\/\/www.uoh.cl\/internacional\/semana-internacional\/","og_site_name":"Direcci\u00f3n de Internacionalizaci\u00f3n","article_modified_time":"2024-10-23T14:16:13+00:00","twitter_card":"summary_large_image","twitter_misc":{"Tiempo estimado de lectura":"3 minutos"},"schema":{"@context":"https:\/\/schema.org","@graph":[{"@type":"WebPage","@id":"https:\/\/www.uoh.cl\/internacional\/semana-internacional\/","url":"https:\/\/www.uoh.cl\/internacional\/semana-internacional\/","name":"Semana Internacional UOH - Direcci\u00f3n de Internacionalizaci\u00f3n","isPartOf":{"@id":"https:\/\/www.uoh.cl\/internacional\/#website"},"datePublished":"2023-08-24T13:42:14+00:00","dateModified":"2024-10-23T14:16:13+00:00","inLanguage":"es-CL","potentialAction":[{"@type":"ReadAction","target":["https:\/\/www.uoh.cl\/internacional\/semana-internacional\/"]}]},{"@type":"WebSite","@id":"https:\/\/www.uoh.cl\/internacional\/#website","url":"https:\/\/www.uoh.cl\/internacional\/","name":"Direcci\u00f3n de Internacionalizaci\u00f3n","description":"Otro sitio de Sitios de Universidad O'higgins","potentialAction":[{"@type":"SearchAction","target":{"@type":"EntryPoint","urlTemplate":"https:\/\/www.uoh.cl\/internacional\/?s={search_term_string}"},"query-input":{"@type":"PropertyValueSpecification","valueRequired":true,"valueName":"search_term_string"}}],"inLanguage":"es-CL"}]}},"_links":{"self":[{"href":"https:\/\/www.uoh.cl\/internacional\/wp-json\/wp\/v2\/pages\/1100","targetHints":{"allow":["GET"]}}],"collection":[{"href":"https:\/\/www.uoh.cl\/internacional\/wp-json\/wp\/v2\/pages"}],"about":[{"href":"https:\/\/www.uoh.cl\/internacional\/wp-json\/wp\/v2\/types\/page"}],"author":[{"embeddable":true,"href":"https:\/\/www.uoh.cl\/internacional\/wp-json\/wp\/v2\/users\/38"}],"replies":[{"embeddable":true,"href":"https:\/\/www.uoh.cl\/internacional\/wp-json\/wp\/v2\/comments?post=1100"}],"version-history":[{"count":12,"href":"https:\/\/www.uoh.cl\/internacional\/wp-json\/wp\/v2\/pages\/1100\/revisions"}],"predecessor-version":[{"id":3229,"href":"https:\/\/www.uoh.cl\/internacional\/wp-json\/wp\/v2\/pages\/1100\/revisions\/3229"}],"wp:attachment":[{"href":"https:\/\/www.uoh.cl\/internacional\/wp-json\/wp\/v2\/media?parent=1100"}],"curies":[{"name":"wp","href":"https:\/\/api.w.org\/{rel}","templated":true}]}}