
{"id":1499,"date":"2023-03-10T12:35:54","date_gmt":"2023-03-10T15:35:54","guid":{"rendered":"https:\/\/www.uoh.cl\/escuela-de-salud\/?page_id=1499"},"modified":"2023-05-11T13:43:32","modified_gmt":"2023-05-11T16:43:32","slug":"unidades-de-apoyo-institucionales-para-docentes","status":"publish","type":"page","link":"https:\/\/www.uoh.cl\/escuela-de-salud\/unidades-de-apoyo-institucionales-para-docentes\/","title":{"rendered":"Unidades de apoyo institucionales para docentes"},"content":{"rendered":"<div class=\"wpb-content-wrapper\"><p>[vc_section el_class=&#8221;container mx-auto align-items-center circle&#8211;pattern&#8221;][vc_row el_class=&#8221;pt-5 pb-5&#8243;][vc_column][vc_wp_custommenu nav_menu=&#8221;57&#8243;]<div class=\"breadcrumb\"><ol itemscope itemtype=\"https:\/\/schema.org\/BreadcrumbList\"><li itemprop=\"itemListElement\" itemscope itemtype=\"https:\/\/schema.org\/ListItem\"><a itemprop=\"item\" href=\"http:\/\/www.uoh.cl\"><span itemprop=\"name\">Inicio<\/span><\/a><meta itemprop=\"position\" content=\"1\" \/><li itemprop=\"itemListElement\" itemscope itemtype=\"https:\/\/schema.org\/ListItem\"><a itemprop=\"item\" href=\"https:\/\/www.uoh.cl\/escuela-de-salud\"><span itemprop=\"name\">Escuela de Salud<\/span><\/a><meta itemprop=\"position\" content=\"2\" \/><li itemprop=\"itemListElement\" itemscope itemtype=\"https:\/\/schema.org\/ListItem\"><span itemprop=\"name\">Unidades de apoyo institucionales para docentes <\/span><meta itemprop=\"position\" content=\"3\" \/><\/ol><\/div><div class=\"uoh_title_component-container\"><h1 class=\"title title--ms d-inline-block title--decorator  big\">Unidades de apoyo institucionales para docentes<\/h1><\/div>[\/vc_column][\/vc_row][\/vc_section][vc_section el_class=&#8221;container mx-auto align-items-center text-right&#8221;][vc_row][vc_column]<div class=\"uoh_title_component-container\"><h2 class=\"title title--ms d-inline-block title--decorator  medium\">Direcci\u00f3n de Salud Mental<\/h2><\/div>[\/vc_column][\/vc_row][vc_row][vc_column][vc_column_text]El prop\u00f3sito de esta direcci\u00f3n es, promover la salud mental como un factor esencial del bienestar individual y colectivo en nuestra comunidad UOH. Puede conocer todas sus l\u00edneas de acci\u00f3n en el sitio web<a class=\"XqQF9c rXJpyf\" href=\"https:\/\/www.google.com\/url?q=https%3A%2F%2Fwww.uoh.cl%2Fsaludmental%2F&amp;sa=D&amp;sntz=1&amp;usg=AOvVaw1roTxlOsADKq13-Vgjv4U4\" target=\"_blank\" rel=\"noopener\">\u00a0<\/a><a class=\"XqQF9c rXJpyf\" href=\"https:\/\/www.google.com\/url?q=https%3A%2F%2Fwww.uoh.cl%2Fsaludmental%2F&amp;sa=D&amp;sntz=1&amp;usg=AOvVaw1roTxlOsADKq13-Vgjv4U4\" target=\"_blank\" rel=\"noopener\">https:\/\/www.uoh.cl\/saludmental\/<\/a><\/p>\n<p>&nbsp;<\/p>\n<p>[\/vc_column_text][\/vc_column][\/vc_row][vc_row][vc_column][vc_column_text]<\/p>\n<p>[\/vc_column_text][\/vc_column][\/vc_row][\/vc_section][vc_section el_class=&#8221;container mx-auto align-items-center text-right&#8221;][vc_row][vc_column]<div class=\"uoh_title_component-container\"><h2 class=\"title title--ms d-inline-block title--decorator  medium\">Servicios<\/h2><\/div>[\/vc_column][\/vc_row][vc_row][vc_column][vc_column_text]<\/p>\n<p class=\"CDt4Ke zfr3Q\" dir=\"ltr\"><strong>Atenci\u00f3n psicolog\u00eda individual y grupal a estudiantes y docentes,<\/strong>\u00a0para solicitar hora (debe ser por motivaci\u00f3n personal, no es posible derivar) debe escribir al correo\u00a0<span class=\" aw5Odc\"><a class=\"XqQF9c\" href=\"mailto:atencionpsicologica@uoh.cl\" target=\"_blank\" rel=\"noopener\">atencionpsicologica@uoh.cl<\/a><\/span>\u00a0luego, recibir\u00e1 un formulario de datos, y cuestionarios que tiene por objetivo conocer la sintomatolog\u00eda general y el estado de salud mental actual del solicitante.<\/p>\n<p class=\"CDt4Ke zfr3Q\" dir=\"ltr\"><strong>Ciclo de talleres mensuales<\/strong>\u00a0(rotativos durante todo el a\u00f1o acad\u00e9mico). Los talleres est\u00e1n destinados a proporcionar herramientas, estrategias y consejos pr\u00e1cticos que permitan cuidar e incrementar el bienestar de los participantes. Las tem\u00e1ticas son:<\/p>\n<ul class=\"n8H08c UVNKR\">\n<li class=\"TYR86d zfr3Q\" dir=\"ltr\">\n<p class=\"CDt4Ke zfr3Q\" dir=\"ltr\">Quiero tiempo para m\u00ed: Estrategias para planificaci\u00f3n y organizaci\u00f3n<\/p>\n<\/li>\n<li class=\"TYR86d zfr3Q\" dir=\"ltr\">\n<p class=\"CDt4Ke zfr3Q\" dir=\"ltr\">Cuido mi \u00e1nimo: Estrategias para tolerancia al malestar<\/p>\n<\/li>\n<li class=\"TYR86d zfr3Q\" dir=\"ltr\">\n<p class=\"CDt4Ke zfr3Q\" dir=\"ltr\">Relaciones interpersonales y comunicaci\u00f3n asertiva<\/p>\n<\/li>\n<li class=\"TYR86d zfr3Q\" dir=\"ltr\">\n<p class=\"CDt4Ke zfr3Q\" dir=\"ltr\">Date un respiro: Estrategias para el manejo de la crisis de ansiedad<\/p>\n<\/li>\n<li class=\"TYR86d zfr3Q\" dir=\"ltr\">\n<p class=\"CDt4Ke zfr3Q\" dir=\"ltr\">Ansiedad en su justa medida: Estrategias para manejar la ansiedad y el estr\u00e9s<\/p>\n<\/li>\n<\/ul>\n<p class=\"CDt4Ke zfr3Q\" dir=\"ltr\">Las fechas se informan a trav\u00e9s del correo electr\u00f3nico institucional. Si existe alguna tem\u00e1tica que le parecer\u00eda interesante o necesaria de abordar, escriba al correo\u00a0<span class=\" aw5Odc\"><a class=\"XqQF9c\" href=\"mailto:ceasalud@uoh.cl\" target=\"_blank\" rel=\"noopener\">ceasalud@uoh.cl<\/a><\/span>\u00a0para articular su requerimiento a trav\u00e9s de la escuela, con la direcci\u00f3n de salud mental.<\/p>\n<p class=\"CDt4Ke zfr3Q\" dir=\"ltr\"><strong>Tutores de promoci\u00f3n de salud mental,<\/strong>\u00a0son estudiantes capacitados en promoci\u00f3n de salud mental estudiantil que realizan un trabajo y acompa\u00f1amiento entre pares. Para contactarlos escriba al correo\u00a0<span class=\" aw5Odc\"><a class=\"XqQF9c\" href=\"mailto:tutoresdesalud@uoh.cl\" target=\"_blank\" rel=\"noopener\">tutoresdesalud@uoh.cl<\/a><\/span>\u00a0.Si quieres ser parte del equipo, escribe a\u00a0<span class=\" aw5Odc\"><a class=\"XqQF9c\" href=\"mailto:atencionpsicologica@uoh.cl\" target=\"_blank\" rel=\"noopener\">atencionpsicologica@uoh.cl<\/a><\/span><\/p>\n<p>[\/vc_column_text][\/vc_column][\/vc_row][vc_row][vc_column][vc_column_text]<\/p>\n<p>&nbsp;<\/p>\n<p>[\/vc_column_text][\/vc_column][\/vc_row][\/vc_section][vc_section el_class=&#8221;container mx-auto align-items-center text-right&#8221;][vc_row][vc_column]<div class=\"uoh_title_component-container\"><h2 class=\"title title--ms d-inline-block title--decorator  medium\">Programa TuPar<\/h2><\/div>[\/vc_column][\/vc_row][vc_row][vc_column][vc_column_text]<\/p>\n<p class=\"CDt4Ke zfr3Q\" dir=\"ltr\">Esta unidad ofrece acompa\u00f1amiento psicoeducativo (psic\u00f3logo\/a y psicopedagoga\/o) para todos los y las estudiantes de la Universidad, sus servicios est\u00e1n disponibles de manera individual y grupal. El programa TuPar, adem\u00e1s coordina a las y los tutores TuPar, se trata de estudiantes que reciben capacitaci\u00f3n psicoeducativa y que trabajan con grupos de estudiantes en el reforzamiento de contenidos en asignaturas cr\u00edticas.<\/p>\n<p class=\"CDt4Ke zfr3Q\" dir=\"ltr\">Actualmente la escuela de salud est\u00e1 trabajando en conjunto con el programa, para capacitar a los y las ayudantes en tem\u00e1ticas relacionadas con metodolog\u00edas de docencia activa.<\/p>\n<p class=\"CDt4Ke zfr3Q\" dir=\"ltr\">Los y las docentes pueden solicitar informaci\u00f3n o apoyo al correo\u00a0<span class=\" aw5Odc\"><a class=\"XqQF9c\" href=\"mailto:raul.munoz@uoh.cl\" target=\"_blank\" rel=\"noopener\">raul.munoz@uoh.cl<\/a><\/span>\u00a0.Para facilitar la articulaci\u00f3n y seguimiento, por favor copiar al correo\u00a0<span class=\" aw5Odc\"><a class=\"XqQF9c\" href=\"mailto:ceasalud@uoh.cl\" target=\"_blank\" rel=\"noopener\">ceasalud@uoh.cl<\/a><\/span><\/p>\n<p>[\/vc_column_text][\/vc_column][\/vc_row][vc_row][vc_column][vc_column_text]<\/p>\n<p>&nbsp;<\/p>\n<p>[\/vc_column_text][\/vc_column][\/vc_row][\/vc_section][vc_section el_class=&#8221;container mx-auto align-items-center text-right&#8221;][vc_row][vc_column]<div class=\"uoh_title_component-container\"><h2 class=\"title title--ms d-inline-block title--decorator  medium\">Direcci\u00f3n de Asuntos estudiantiles<\/h2><\/div>[\/vc_column][\/vc_row][vc_row][vc_column][vc_column_text]<\/p>\n<p class=\"CDt4Ke zfr3Q\" dir=\"ltr\">Direcci\u00f3n encargada de promover el desarrollo integral de las y los estudiantes de la Universidad de O\u2019Higgins, a trav\u00e9s de la entrega de servicios destinados a potenciar su desempe\u00f1o acad\u00e9mico y su desarrollo personal, adem\u00e1s de la gesti\u00f3n beneficios socioecon\u00f3micos. Para consultas generales escriba al correo\u00a0<span class=\" aw5Odc\"><a class=\"XqQF9c\" href=\"mailto:dae@uoh.cl\" target=\"_blank\" rel=\"noopener\">dae@uoh.cl<\/a><\/span><\/p>\n<p>[\/vc_column_text][\/vc_column][\/vc_row][vc_row][vc_column][vc_column_text]<\/p>\n<p>&nbsp;<\/p>\n<p>[\/vc_column_text][\/vc_column][\/vc_row][\/vc_section][vc_section el_class=&#8221;container mx-auto align-items-center text-right&#8221;][vc_row][vc_column]<div class=\"uoh_title_component-container\"><h2 class=\"title title--ms d-inline-block title--decorator  medium\">Servicios<\/h2><\/div>[\/vc_column][\/vc_row][vc_row][vc_column][vc_column_text]<\/p>\n<p class=\"CDt4Ke zfr3Q\" dir=\"ltr\">Para solicitar hora con la trabajador\/a social, el interesado (debe ser por motivacion personal, no es posible derivar) debe escribir al correo <span class=\" aw5Odc\"><a class=\"XqQF9c\" href=\"mailto:reservahoradae@uoh.cl\" target=\"_blank\" rel=\"noopener\">reservahoradae@uoh.cl<\/a><\/span><\/p>\n<p class=\"CDt4Ke zfr3Q\" dir=\"ltr\">Para consultas sobre beneficios financieros u otros, debe escribir a\u00a0<span class=\" aw5Odc\"><a class=\"XqQF9c\" href=\"mailto:beneficios@uoh.cl\" target=\"_blank\" rel=\"noopener\">beneficios@uoh.cl<\/a><\/span><\/p>\n<p class=\"CDt4Ke zfr3Q\" dir=\"ltr\">Para recibir informaci\u00f3n sobre los programas deportivos con los que cuenta la Universidad, debe escribir a\u00a0<span class=\" aw5Odc\"><a class=\"XqQF9c\" href=\"mailto:deportes@uoh.cl\" target=\"_blank\" rel=\"noopener\">deportes@uoh.cl<\/a><\/span><\/p>\n<p class=\"CDt4Ke zfr3Q\" dir=\"ltr\">Para solicitar informaci\u00f3n o acompa\u00f1amiento (docentes o alumnos) a la unidad de inclusi\u00f3n, debe escribir a <span class=\" aw5Odc\"><a class=\"XqQF9c\" href=\"mailto:unidad.inclusion@uoh.cl\" target=\"_blank\" rel=\"noopener\">unidad.inclusion@uoh.cl<\/a><\/span><\/p>\n<p class=\"CDt4Ke zfr3Q\" dir=\"ltr\">Para solicitar hora a la unidad de salud integral (solo estudiantes) debe escribir a\u00a0<span class=\" aw5Odc\"><a class=\"XqQF9c\" href=\"mailto:salud.dae@uoh.cl\" target=\"_blank\" rel=\"noopener\">salud.dae@uoh.cl<\/a><\/span><\/p>\n<p>[\/vc_column_text][\/vc_column][\/vc_row][vc_row][vc_column][vc_column_text]<\/p>\n<p>&nbsp;<\/p>\n<p>[\/vc_column_text][\/vc_column][\/vc_row][\/vc_section]<\/p>\n<\/div>","protected":false},"excerpt":{"rendered":"<p>[vc_section el_class=&#8221;container mx-auto align-items-center circle&#8211;pattern&#8221;][vc_row el_class=&#8221;pt-5 pb-5&#8243;][vc_column][vc_wp_custommenu nav_menu=&#8221;57&#8243;][\/vc_column][\/vc_row][\/vc_section][vc_section el_class=&#8221;container mx-auto align-items-center text-right&#8221;][vc_row][vc_column][\/vc_column][\/vc_row][vc_row][vc_column][vc_column_text]El prop\u00f3sito de esta direcci\u00f3n es, promover la salud mental como un factor esencial del bienestar individual y colectivo en nuestra comunidad UOH. Puede conocer todas sus l\u00edneas de acci\u00f3n en el sitio web\u00a0https:\/\/www.uoh.cl\/saludmental\/ &nbsp; [\/vc_column_text][\/vc_column][\/vc_row][vc_row][vc_column][vc_column_text] [\/vc_column_text][\/vc_column][\/vc_row][\/vc_section][vc_section el_class=&#8221;container mx-auto align-items-center text-right&#8221;][vc_row][vc_column][\/vc_column][\/vc_row][vc_row][vc_column][vc_column_text] Atenci\u00f3n psicolog\u00eda individual [&hellip;]<\/p>\n","protected":false},"author":23,"featured_media":0,"parent":0,"menu_order":0,"comment_status":"closed","ping_status":"closed","template":"","meta":{"_acf_changed":false,"footnotes":""},"class_list":["post-1499","page","type-page","status-publish","hentry"],"acf":[],"yoast_head":"<!-- This site is optimized with the Yoast SEO plugin v26.6 - https:\/\/yoast.com\/wordpress\/plugins\/seo\/ -->\n<title>Unidades de apoyo institucionales para docentes - Escuela de Salud<\/title>\n<meta name=\"robots\" content=\"index, follow, max-snippet:-1, max-image-preview:large, max-video-preview:-1\" \/>\n<link rel=\"canonical\" href=\"https:\/\/www.uoh.cl\/escuela-de-salud\/unidades-de-apoyo-institucionales-para-docentes\/\" \/>\n<meta property=\"og:locale\" content=\"es_ES\" \/>\n<meta property=\"og:type\" content=\"article\" \/>\n<meta property=\"og:title\" content=\"Unidades de apoyo institucionales para docentes - Escuela de Salud\" \/>\n<meta property=\"og:description\" content=\"[vc_section el_class=&#8221;container mx-auto align-items-center circle&#8211;pattern&#8221;][vc_row el_class=&#8221;pt-5 pb-5&#8243;][vc_column][vc_wp_custommenu nav_menu=&#8221;57&#8243;][\/vc_column][\/vc_row][\/vc_section][vc_section el_class=&#8221;container mx-auto align-items-center text-right&#8221;][vc_row][vc_column][\/vc_column][\/vc_row][vc_row][vc_column][vc_column_text]El prop\u00f3sito de esta direcci\u00f3n es, promover la salud mental como un factor esencial del bienestar individual y colectivo en nuestra comunidad UOH. Puede conocer todas sus l\u00edneas de acci\u00f3n en el sitio web\u00a0https:\/\/www.uoh.cl\/saludmental\/ &nbsp; [\/vc_column_text][\/vc_column][\/vc_row][vc_row][vc_column][vc_column_text] [\/vc_column_text][\/vc_column][\/vc_row][\/vc_section][vc_section el_class=&#8221;container mx-auto align-items-center text-right&#8221;][vc_row][vc_column][\/vc_column][\/vc_row][vc_row][vc_column][vc_column_text] Atenci\u00f3n psicolog\u00eda individual [&hellip;]\" \/>\n<meta property=\"og:url\" content=\"https:\/\/www.uoh.cl\/escuela-de-salud\/unidades-de-apoyo-institucionales-para-docentes\/\" \/>\n<meta property=\"og:site_name\" content=\"Escuela de Salud\" \/>\n<meta property=\"article:modified_time\" content=\"2023-05-11T16:43:32+00:00\" \/>\n<meta name=\"twitter:card\" content=\"summary_large_image\" \/>\n<meta name=\"twitter:label1\" content=\"Tiempo estimado de lectura\" \/>\n\t<meta name=\"twitter:data1\" content=\"3 minutos\" \/>\n<script type=\"application\/ld+json\" class=\"yoast-schema-graph\">{\"@context\":\"https:\/\/schema.org\",\"@graph\":[{\"@type\":\"WebPage\",\"@id\":\"https:\/\/www.uoh.cl\/escuela-de-salud\/unidades-de-apoyo-institucionales-para-docentes\/\",\"url\":\"https:\/\/www.uoh.cl\/escuela-de-salud\/unidades-de-apoyo-institucionales-para-docentes\/\",\"name\":\"Unidades de apoyo institucionales para docentes - Escuela de Salud\",\"isPartOf\":{\"@id\":\"https:\/\/www.uoh.cl\/escuela-de-salud\/#website\"},\"datePublished\":\"2023-03-10T15:35:54+00:00\",\"dateModified\":\"2023-05-11T16:43:32+00:00\",\"inLanguage\":\"es-CL\",\"potentialAction\":[{\"@type\":\"ReadAction\",\"target\":[\"https:\/\/www.uoh.cl\/escuela-de-salud\/unidades-de-apoyo-institucionales-para-docentes\/\"]}]},{\"@type\":\"WebSite\",\"@id\":\"https:\/\/www.uoh.cl\/escuela-de-salud\/#website\",\"url\":\"https:\/\/www.uoh.cl\/escuela-de-salud\/\",\"name\":\"Escuela de Salud\",\"description\":\"Otro sitio de Sitios de Universidad O'higgins\",\"potentialAction\":[{\"@type\":\"SearchAction\",\"target\":{\"@type\":\"EntryPoint\",\"urlTemplate\":\"https:\/\/www.uoh.cl\/escuela-de-salud\/?s={search_term_string}\"},\"query-input\":{\"@type\":\"PropertyValueSpecification\",\"valueRequired\":true,\"valueName\":\"search_term_string\"}}],\"inLanguage\":\"es-CL\"}]}<\/script>\n<!-- \/ Yoast SEO plugin. -->","yoast_head_json":{"title":"Unidades de apoyo institucionales para docentes - Escuela de Salud","robots":{"index":"index","follow":"follow","max-snippet":"max-snippet:-1","max-image-preview":"max-image-preview:large","max-video-preview":"max-video-preview:-1"},"canonical":"https:\/\/www.uoh.cl\/escuela-de-salud\/unidades-de-apoyo-institucionales-para-docentes\/","og_locale":"es_ES","og_type":"article","og_title":"Unidades de apoyo institucionales para docentes - Escuela de Salud","og_description":"[vc_section el_class=&#8221;container mx-auto align-items-center circle&#8211;pattern&#8221;][vc_row el_class=&#8221;pt-5 pb-5&#8243;][vc_column][vc_wp_custommenu nav_menu=&#8221;57&#8243;][\/vc_column][\/vc_row][\/vc_section][vc_section el_class=&#8221;container mx-auto align-items-center text-right&#8221;][vc_row][vc_column][\/vc_column][\/vc_row][vc_row][vc_column][vc_column_text]El prop\u00f3sito de esta direcci\u00f3n es, promover la salud mental como un factor esencial del bienestar individual y colectivo en nuestra comunidad UOH. Puede conocer todas sus l\u00edneas de acci\u00f3n en el sitio web\u00a0https:\/\/www.uoh.cl\/saludmental\/ &nbsp; [\/vc_column_text][\/vc_column][\/vc_row][vc_row][vc_column][vc_column_text] [\/vc_column_text][\/vc_column][\/vc_row][\/vc_section][vc_section el_class=&#8221;container mx-auto align-items-center text-right&#8221;][vc_row][vc_column][\/vc_column][\/vc_row][vc_row][vc_column][vc_column_text] Atenci\u00f3n psicolog\u00eda individual [&hellip;]","og_url":"https:\/\/www.uoh.cl\/escuela-de-salud\/unidades-de-apoyo-institucionales-para-docentes\/","og_site_name":"Escuela de Salud","article_modified_time":"2023-05-11T16:43:32+00:00","twitter_card":"summary_large_image","twitter_misc":{"Tiempo estimado de lectura":"3 minutos"},"schema":{"@context":"https:\/\/schema.org","@graph":[{"@type":"WebPage","@id":"https:\/\/www.uoh.cl\/escuela-de-salud\/unidades-de-apoyo-institucionales-para-docentes\/","url":"https:\/\/www.uoh.cl\/escuela-de-salud\/unidades-de-apoyo-institucionales-para-docentes\/","name":"Unidades de apoyo institucionales para docentes - Escuela de Salud","isPartOf":{"@id":"https:\/\/www.uoh.cl\/escuela-de-salud\/#website"},"datePublished":"2023-03-10T15:35:54+00:00","dateModified":"2023-05-11T16:43:32+00:00","inLanguage":"es-CL","potentialAction":[{"@type":"ReadAction","target":["https:\/\/www.uoh.cl\/escuela-de-salud\/unidades-de-apoyo-institucionales-para-docentes\/"]}]},{"@type":"WebSite","@id":"https:\/\/www.uoh.cl\/escuela-de-salud\/#website","url":"https:\/\/www.uoh.cl\/escuela-de-salud\/","name":"Escuela de Salud","description":"Otro sitio de Sitios de Universidad O'higgins","potentialAction":[{"@type":"SearchAction","target":{"@type":"EntryPoint","urlTemplate":"https:\/\/www.uoh.cl\/escuela-de-salud\/?s={search_term_string}"},"query-input":{"@type":"PropertyValueSpecification","valueRequired":true,"valueName":"search_term_string"}}],"inLanguage":"es-CL"}]}},"_links":{"self":[{"href":"https:\/\/www.uoh.cl\/escuela-de-salud\/wp-json\/wp\/v2\/pages\/1499","targetHints":{"allow":["GET"]}}],"collection":[{"href":"https:\/\/www.uoh.cl\/escuela-de-salud\/wp-json\/wp\/v2\/pages"}],"about":[{"href":"https:\/\/www.uoh.cl\/escuela-de-salud\/wp-json\/wp\/v2\/types\/page"}],"author":[{"embeddable":true,"href":"https:\/\/www.uoh.cl\/escuela-de-salud\/wp-json\/wp\/v2\/users\/23"}],"replies":[{"embeddable":true,"href":"https:\/\/www.uoh.cl\/escuela-de-salud\/wp-json\/wp\/v2\/comments?post=1499"}],"version-history":[{"count":8,"href":"https:\/\/www.uoh.cl\/escuela-de-salud\/wp-json\/wp\/v2\/pages\/1499\/revisions"}],"predecessor-version":[{"id":1813,"href":"https:\/\/www.uoh.cl\/escuela-de-salud\/wp-json\/wp\/v2\/pages\/1499\/revisions\/1813"}],"wp:attachment":[{"href":"https:\/\/www.uoh.cl\/escuela-de-salud\/wp-json\/wp\/v2\/media?parent=1499"}],"curies":[{"name":"wp","href":"https:\/\/api.w.org\/{rel}","templated":true}]}}