
{"id":61,"date":"2022-04-06T00:37:56","date_gmt":"2022-04-06T03:37:56","guid":{"rendered":"https:\/\/www.uoh.cl\/equidad-de-genero-y-diversidades\/?page_id=61"},"modified":"2022-11-02T11:41:23","modified_gmt":"2022-11-02T14:41:23","slug":"denuncias-y-atencion","status":"publish","type":"page","link":"https:\/\/www.uoh.cl\/equidad-de-genero-y-diversidades\/denuncias-y-atencion\/","title":{"rendered":"Denuncias y atenci\u00f3n"},"content":{"rendered":"<div class=\"wpb-content-wrapper\"><p>[vc_section el_class=&#8221;container mx-auto p-md-0 align-items-center circle&#8211;pattern pb-md-5&#8243;][vc_row el_class=&#8221;pt-md-5&#8243;][vc_column][vc_wp_custommenu nav_menu=&#8221;4&#8243;]<div class=\"breadcrumb\"><ol itemscope itemtype=\"https:\/\/schema.org\/BreadcrumbList\"><li itemprop=\"itemListElement\" itemscope itemtype=\"https:\/\/schema.org\/ListItem\"><a itemprop=\"item\" href=\"http:\/\/www.uoh.cl\"><span itemprop=\"name\">Inicio<\/span><\/a><meta itemprop=\"position\" content=\"1\" \/><li itemprop=\"itemListElement\" itemscope itemtype=\"https:\/\/schema.org\/ListItem\"><a itemprop=\"item\" href=\"https:\/\/www.uoh.cl\/equidad-de-genero-y-diversidades\"><span itemprop=\"name\">Equidad de Genero y Diversidades<\/span><\/a><meta itemprop=\"position\" content=\"2\" \/><li itemprop=\"itemListElement\" itemscope itemtype=\"https:\/\/schema.org\/ListItem\"><span itemprop=\"name\">Denuncias y atenci\u00f3n <\/span><meta itemprop=\"position\" content=\"3\" \/><\/ol><\/div><div class=\"uoh_title_component-container\"><h1 class=\"title title--ms d-inline-block title--decorator  big\">Denuncias y atenci\u00f3n<\/h1><\/div>[vc_row_inner el_class=&#8221;pb-4&#8243;][vc_column_inner][vc_column_text css=&#8221;.vc_custom_1658349168197{padding-top: 1rem !important;}&#8221;]La Direcci\u00f3n de Equidad de G\u00e9nero y Diversidades tiene una Oficina de Atenci\u00f3n que tiene como labor recepcionar denuncias sobre abuso y acoso sexual y\/o discriminaci\u00f3n arbitraria por razones de identidad y\/o orientaci\u00f3n sexual, que sean presentadas por cualquier miembro de la comunidad universitaria. La Direcci\u00f3n a trav\u00e9s de su oficina realiza las primeras diligencias que sean necesarias para lograr el mayor esclarecimiento de los hechos; realizar la primera acogida y brindar la orientaci\u00f3n necesaria para las partes.<\/p>\n<p>Es importante que sepas que puedes denunciar por acoso sexual, abuso sexual o actos de discriminaci\u00f3n arbitraria ocurridos dentro de la universidad, esto comprende cualquiera de sus campus, residencias para estudiantes UOH, lugares de pr\u00e1ctica profesional o durante actividades de la universidad siempre que t\u00fa y la y las otras personas involucradas sean estudiantes o miembros del personal de la universidad. Estas conductas de acoso sexual tambi\u00e9n pueden incluir a aquellas ocurridas de manera online o en plataformas de la universidad. El acoso cibern\u00e9tico est\u00e1 sancionado por nuestro protocolo tanto para estudiantes, docentes y funcionarios(as).<\/p>\n<p>Cualquiera sea el caso denunciado, nosotras nos comunicaremos de inmediato para poder acompa\u00f1arte, aconsejarte y dar todo el apoyo necesario, as\u00ed como comenzar el proceso administrativo y\/o estudiantil si corresponde. Las denuncias permanecer\u00e1n confidenciales.\u00a0Ante una denuncia t\u00fa tienes el control de las acciones que puedes tomar, incluso no denunciar o no perseverar en una denuncia. Es importante que sepas que siempre puedes cambiar de opini\u00f3n. No tienes que tomar una decisi\u00f3n r\u00e1pida ni apresurada: t\u00f3mate el tiempo para decidir cu\u00e1ndo y qu\u00e9 es lo adecuado para ti.<\/p>\n<p>Es posible que al ser v\u00edctima de acoso sexual o abuso sexual no quieras hablarlo de inmediato, pero, una vez que te sientas listo\/a para hacerlo, busca una persona que sea de tu confianza para decidir qu\u00e9 medidas tomar.[\/vc_column_text][\/vc_column_inner][\/vc_row_inner]<div class=\"uoh_title_component-container\"><h2 class=\"title title--ms d-inline-block title--decorator  medium\">Puedes denunciar de manera presencial u online<\/h2><\/div>[vc_column_text]<\/p>\n<ul>\n<li>Presencial:<\/li>\n<\/ul>\n<p>Oficina 501 del Edificio A del Campus Rancagua. Horario de 9:30 a 17:30.<\/p>\n<p>Oficina en Biblioteca del Campus Colchagua. Horario: Jueves de 9:30 a 13:00<\/p>\n<ul>\n<li>Online:<\/li>\n<\/ul>\n<p><a href=\"mailto:oficina.equidad.genero@uoh.cl\">oficina.equidad.genero@uoh.cl<\/a>[\/vc_column_text][\/vc_column][\/vc_row][\/vc_section][vc_section el_class=&#8221;p-md-0 pb-md-5 pt-md-5&#8243; css=&#8221;.vc_custom_1649214997793{background-color: #f6faff !important;}&#8221;][vc_row el_class=&#8221;container mx-auto p-md-0 align-items-center pb-md-5&#8243;][vc_column width=&#8221;1\/2&#8243;]<div class=\"uoh_link_component pe-4 d-inline-block py-1 button_white inline\"><a href=\"https:\/\/www.uoh.cl\/equidad-de-genero-y-diversidades\/procedimientos-de-denuncias\/\"\n                                    class=\"link link--bold component__btn-content\"\n                                    title\"Procedimientos de Denuncias\"\n                                    target=\"_blank\"\n                                    rel=\"\">Informaci\u00f3n sobre procedimiento de denuncias internas <span class=\"icon icon--inline icon--link\"><svg version=\"1.1\" xmlns=\"http:\/\/www.w3.org\/2000\/svg\" xmlns:xlink=\"http:\/\/www.w3.org\/1999\/xlink\" x=\"0px\" y=\"0px\" width=\"22px\"height=\"22px\" viewBox=\"0 0 22 22\" style=\"overflow:visible;enable-background:new 0 0 80 64.6;\" xml:space=\"preserve\"><g clip-path=\"url(#acA)\"><path fill-rule=\"evenodd\" d=\"M21.913 11.266a.93.93 0 000-.711c-.022-.056-.063-.097-.091-.144s-.053-.103-.097-.15L12.306.294c-.357-.379-.955-.394-1.334-.038s-.394.955-.038 1.334l7.917 8.374H.927a.95.95 0 00-.908.983.946.946 0 00.908.908h17.924l-8.089 8.552c-.357.379-.341.977.034 1.334s.977.341 1.334-.034l9.594-10.148c.044-.044.063-.1.097-.15.028-.047.069-.088.091-.141z\"\/><\/g><defs><clipPath id=\"acA\"><path fill=\"#fff\" d=\"M0 0h22v22H0z\"\/><\/clipPath><\/defs><\/svg><\/span><\/a><\/div>[\/vc_column][vc_column width=&#8221;1\/2&#8243;]<div class=\"uoh_link_component pe-4 d-inline-block py-1 button_white inline\"><a href=\"https:\/\/www.uoh.cl\/equidad-de-genero-y-diversidades\/denuncia-externa\/\"\n                                    class=\"link link--bold component__btn-content\"\n                                    title\"Denuncia Externa\"\n                                    target=\"_blank\"\n                                    rel=\"\">Informaci\u00f3n sobre procedimiento de denuncias externas <span class=\"icon icon--inline icon--link\"><svg version=\"1.1\" xmlns=\"http:\/\/www.w3.org\/2000\/svg\" xmlns:xlink=\"http:\/\/www.w3.org\/1999\/xlink\" x=\"0px\" y=\"0px\" width=\"22px\"height=\"22px\" viewBox=\"0 0 22 22\" style=\"overflow:visible;enable-background:new 0 0 80 64.6;\" xml:space=\"preserve\"><g clip-path=\"url(#acA)\"><path fill-rule=\"evenodd\" d=\"M21.913 11.266a.93.93 0 000-.711c-.022-.056-.063-.097-.091-.144s-.053-.103-.097-.15L12.306.294c-.357-.379-.955-.394-1.334-.038s-.394.955-.038 1.334l7.917 8.374H.927a.95.95 0 00-.908.983.946.946 0 00.908.908h17.924l-8.089 8.552c-.357.379-.341.977.034 1.334s.977.341 1.334-.034l9.594-10.148c.044-.044.063-.1.097-.15.028-.047.069-.088.091-.141z\"\/><\/g><defs><clipPath id=\"acA\"><path fill=\"#fff\" d=\"M0 0h22v22H0z\"\/><\/clipPath><\/defs><\/svg><\/span><\/a><\/div>[\/vc_column][\/vc_row][\/vc_section]<\/p>\n<\/div>","protected":false},"excerpt":{"rendered":"<p>[vc_section el_class=&#8221;container mx-auto p-md-0 align-items-center circle&#8211;pattern pb-md-5&#8243;][vc_row el_class=&#8221;pt-md-5&#8243;][vc_column][vc_wp_custommenu nav_menu=&#8221;4&#8243;][vc_row_inner el_class=&#8221;pb-4&#8243;][vc_column_inner][vc_column_text css=&#8221;.vc_custom_1658349168197{padding-top: 1rem !important;}&#8221;]La Direcci\u00f3n de Equidad de G\u00e9nero y Diversidades tiene una Oficina de Atenci\u00f3n que tiene como labor recepcionar denuncias sobre abuso y acoso sexual y\/o discriminaci\u00f3n arbitraria por razones de identidad y\/o orientaci\u00f3n sexual, que sean presentadas por cualquier miembro de la comunidad [&hellip;]<\/p>\n","protected":false},"author":34,"featured_media":0,"parent":0,"menu_order":0,"comment_status":"closed","ping_status":"closed","template":"","meta":{"_acf_changed":false,"footnotes":""},"class_list":["post-61","page","type-page","status-publish","hentry"],"acf":[],"yoast_head":"<!-- This site is optimized with the Yoast SEO plugin v26.6 - https:\/\/yoast.com\/wordpress\/plugins\/seo\/ -->\n<title>Denuncias y atenci\u00f3n - Equidad de Genero y Diversidades<\/title>\n<meta name=\"robots\" content=\"index, follow, max-snippet:-1, max-image-preview:large, max-video-preview:-1\" \/>\n<link rel=\"canonical\" href=\"https:\/\/www.uoh.cl\/equidad-de-genero-y-diversidades\/denuncias-y-atencion\/\" \/>\n<meta property=\"og:locale\" content=\"es_ES\" \/>\n<meta property=\"og:type\" content=\"article\" \/>\n<meta property=\"og:title\" content=\"Denuncias y atenci\u00f3n - Equidad de Genero y Diversidades\" \/>\n<meta property=\"og:description\" content=\"[vc_section el_class=&#8221;container mx-auto p-md-0 align-items-center circle&#8211;pattern pb-md-5&#8243;][vc_row el_class=&#8221;pt-md-5&#8243;][vc_column][vc_wp_custommenu nav_menu=&#8221;4&#8243;][vc_row_inner el_class=&#8221;pb-4&#8243;][vc_column_inner][vc_column_text css=&#8221;.vc_custom_1658349168197{padding-top: 1rem !important;}&#8221;]La Direcci\u00f3n de Equidad de G\u00e9nero y Diversidades tiene una Oficina de Atenci\u00f3n que tiene como labor recepcionar denuncias sobre abuso y acoso sexual y\/o discriminaci\u00f3n arbitraria por razones de identidad y\/o orientaci\u00f3n sexual, que sean presentadas por cualquier miembro de la comunidad [&hellip;]\" \/>\n<meta property=\"og:url\" content=\"https:\/\/www.uoh.cl\/equidad-de-genero-y-diversidades\/denuncias-y-atencion\/\" \/>\n<meta property=\"og:site_name\" content=\"Equidad de Genero y Diversidades\" \/>\n<meta property=\"article:modified_time\" content=\"2022-11-02T14:41:23+00:00\" \/>\n<meta name=\"twitter:card\" content=\"summary_large_image\" \/>\n<meta name=\"twitter:label1\" content=\"Tiempo estimado de lectura\" \/>\n\t<meta name=\"twitter:data1\" content=\"2 minutos\" \/>\n<script type=\"application\/ld+json\" class=\"yoast-schema-graph\">{\"@context\":\"https:\/\/schema.org\",\"@graph\":[{\"@type\":\"WebPage\",\"@id\":\"https:\/\/www.uoh.cl\/equidad-de-genero-y-diversidades\/denuncias-y-atencion\/\",\"url\":\"https:\/\/www.uoh.cl\/equidad-de-genero-y-diversidades\/denuncias-y-atencion\/\",\"name\":\"Denuncias y atenci\u00f3n - Equidad de Genero y Diversidades\",\"isPartOf\":{\"@id\":\"https:\/\/www.uoh.cl\/equidad-de-genero-y-diversidades\/#website\"},\"datePublished\":\"2022-04-06T03:37:56+00:00\",\"dateModified\":\"2022-11-02T14:41:23+00:00\",\"inLanguage\":\"es-CL\",\"potentialAction\":[{\"@type\":\"ReadAction\",\"target\":[\"https:\/\/www.uoh.cl\/equidad-de-genero-y-diversidades\/denuncias-y-atencion\/\"]}]},{\"@type\":\"WebSite\",\"@id\":\"https:\/\/www.uoh.cl\/equidad-de-genero-y-diversidades\/#website\",\"url\":\"https:\/\/www.uoh.cl\/equidad-de-genero-y-diversidades\/\",\"name\":\"Equidad de Genero y Diversidades\",\"description\":\"Otro sitio de Sitios de Universidad O'higgins\",\"potentialAction\":[{\"@type\":\"SearchAction\",\"target\":{\"@type\":\"EntryPoint\",\"urlTemplate\":\"https:\/\/www.uoh.cl\/equidad-de-genero-y-diversidades\/?s={search_term_string}\"},\"query-input\":{\"@type\":\"PropertyValueSpecification\",\"valueRequired\":true,\"valueName\":\"search_term_string\"}}],\"inLanguage\":\"es-CL\"}]}<\/script>\n<!-- \/ Yoast SEO plugin. -->","yoast_head_json":{"title":"Denuncias y atenci\u00f3n - Equidad de Genero y Diversidades","robots":{"index":"index","follow":"follow","max-snippet":"max-snippet:-1","max-image-preview":"max-image-preview:large","max-video-preview":"max-video-preview:-1"},"canonical":"https:\/\/www.uoh.cl\/equidad-de-genero-y-diversidades\/denuncias-y-atencion\/","og_locale":"es_ES","og_type":"article","og_title":"Denuncias y atenci\u00f3n - Equidad de Genero y Diversidades","og_description":"[vc_section el_class=&#8221;container mx-auto p-md-0 align-items-center circle&#8211;pattern pb-md-5&#8243;][vc_row el_class=&#8221;pt-md-5&#8243;][vc_column][vc_wp_custommenu nav_menu=&#8221;4&#8243;][vc_row_inner el_class=&#8221;pb-4&#8243;][vc_column_inner][vc_column_text css=&#8221;.vc_custom_1658349168197{padding-top: 1rem !important;}&#8221;]La Direcci\u00f3n de Equidad de G\u00e9nero y Diversidades tiene una Oficina de Atenci\u00f3n que tiene como labor recepcionar denuncias sobre abuso y acoso sexual y\/o discriminaci\u00f3n arbitraria por razones de identidad y\/o orientaci\u00f3n sexual, que sean presentadas por cualquier miembro de la comunidad [&hellip;]","og_url":"https:\/\/www.uoh.cl\/equidad-de-genero-y-diversidades\/denuncias-y-atencion\/","og_site_name":"Equidad de Genero y Diversidades","article_modified_time":"2022-11-02T14:41:23+00:00","twitter_card":"summary_large_image","twitter_misc":{"Tiempo estimado de lectura":"2 minutos"},"schema":{"@context":"https:\/\/schema.org","@graph":[{"@type":"WebPage","@id":"https:\/\/www.uoh.cl\/equidad-de-genero-y-diversidades\/denuncias-y-atencion\/","url":"https:\/\/www.uoh.cl\/equidad-de-genero-y-diversidades\/denuncias-y-atencion\/","name":"Denuncias y atenci\u00f3n - Equidad de Genero y Diversidades","isPartOf":{"@id":"https:\/\/www.uoh.cl\/equidad-de-genero-y-diversidades\/#website"},"datePublished":"2022-04-06T03:37:56+00:00","dateModified":"2022-11-02T14:41:23+00:00","inLanguage":"es-CL","potentialAction":[{"@type":"ReadAction","target":["https:\/\/www.uoh.cl\/equidad-de-genero-y-diversidades\/denuncias-y-atencion\/"]}]},{"@type":"WebSite","@id":"https:\/\/www.uoh.cl\/equidad-de-genero-y-diversidades\/#website","url":"https:\/\/www.uoh.cl\/equidad-de-genero-y-diversidades\/","name":"Equidad de Genero y Diversidades","description":"Otro sitio de Sitios de Universidad O'higgins","potentialAction":[{"@type":"SearchAction","target":{"@type":"EntryPoint","urlTemplate":"https:\/\/www.uoh.cl\/equidad-de-genero-y-diversidades\/?s={search_term_string}"},"query-input":{"@type":"PropertyValueSpecification","valueRequired":true,"valueName":"search_term_string"}}],"inLanguage":"es-CL"}]}},"_links":{"self":[{"href":"https:\/\/www.uoh.cl\/equidad-de-genero-y-diversidades\/wp-json\/wp\/v2\/pages\/61","targetHints":{"allow":["GET"]}}],"collection":[{"href":"https:\/\/www.uoh.cl\/equidad-de-genero-y-diversidades\/wp-json\/wp\/v2\/pages"}],"about":[{"href":"https:\/\/www.uoh.cl\/equidad-de-genero-y-diversidades\/wp-json\/wp\/v2\/types\/page"}],"author":[{"embeddable":true,"href":"https:\/\/www.uoh.cl\/equidad-de-genero-y-diversidades\/wp-json\/wp\/v2\/users\/34"}],"replies":[{"embeddable":true,"href":"https:\/\/www.uoh.cl\/equidad-de-genero-y-diversidades\/wp-json\/wp\/v2\/comments?post=61"}],"version-history":[{"count":14,"href":"https:\/\/www.uoh.cl\/equidad-de-genero-y-diversidades\/wp-json\/wp\/v2\/pages\/61\/revisions"}],"predecessor-version":[{"id":875,"href":"https:\/\/www.uoh.cl\/equidad-de-genero-y-diversidades\/wp-json\/wp\/v2\/pages\/61\/revisions\/875"}],"wp:attachment":[{"href":"https:\/\/www.uoh.cl\/equidad-de-genero-y-diversidades\/wp-json\/wp\/v2\/media?parent=61"}],"curies":[{"name":"wp","href":"https:\/\/api.w.org\/{rel}","templated":true}]}}