
{"id":111,"date":"2022-04-10T03:20:39","date_gmt":"2022-04-10T06:20:39","guid":{"rendered":"https:\/\/www.uoh.cl\/equidad-de-genero-y-diversidades\/?page_id=111"},"modified":"2025-05-26T18:10:35","modified_gmt":"2025-05-26T21:10:35","slug":"cambios-de-nombre-social","status":"publish","type":"page","link":"https:\/\/www.uoh.cl\/equidad-de-genero-y-diversidades\/cambios-de-nombre-social\/","title":{"rendered":"Cambios de Nombre Social"},"content":{"rendered":"<div class=\"wpb-content-wrapper\"><p>[vc_section el_class=&#8221;container mx-auto align-items-center text-right circle&#8211;pattern&#8221; css=&#8221;.vc_custom_1648956589196{padding-top: 3rem !important;}&#8221;][vc_row el_class=&#8221;pb-5&#8243;][vc_column][vc_wp_custommenu nav_menu=&#8221;4&#8243;]<div class=\"breadcrumb\"><ol itemscope itemtype=\"https:\/\/schema.org\/BreadcrumbList\"><li itemprop=\"itemListElement\" itemscope itemtype=\"https:\/\/schema.org\/ListItem\"><a itemprop=\"item\" href=\"http:\/\/www.uoh.cl\"><span itemprop=\"name\">Inicio<\/span><\/a><meta itemprop=\"position\" content=\"1\" \/><li itemprop=\"itemListElement\" itemscope itemtype=\"https:\/\/schema.org\/ListItem\"><a itemprop=\"item\" href=\"https:\/\/www.uoh.cl\/equidad-de-genero-y-diversidades\"><span itemprop=\"name\">Equidad de Genero y Diversidades<\/span><\/a><meta itemprop=\"position\" content=\"2\" \/><li itemprop=\"itemListElement\" itemscope itemtype=\"https:\/\/schema.org\/ListItem\"><span itemprop=\"name\">Cambios de Nombre Social <\/span><meta itemprop=\"position\" content=\"3\" \/><\/ol><\/div><div class=\"uoh_title_component-container\"><h1 class=\"title title--ms d-inline-block title--decorator  big\">Cambios de Nombre Social<\/h1><\/div>[\/vc_column][\/vc_row][\/vc_section][vc_section css=&#8221;.vc_custom_1648956222412{background-color: #f6faff !important;}&#8221;][vc_row el_class=&#8221;container mx-auto align-items-center text-right px-md-0&#8243;][vc_column el_class=&#8221;p-0&#8243;][vc_single_image image=&#8221;112&#8243; img_size=&#8221;full&#8221;][\/vc_column][\/vc_row][\/vc_section][vc_section el_class=&#8221;container mx-auto align-items-center text-right circle&#8211;pattern&#8221; css=&#8221;.vc_custom_1648956589196{padding-top: 3rem !important;}&#8221;][vc_row el_class=&#8221;pb-5&#8243;][vc_column][vc_column_text el_class=&#8221;mb-4&#8243;]En la UOH existe el reconocimiento y respeto a la libre opci\u00f3n sexual, garantizando la libertad, igualdad y trato no discriminatorio, con el fin de asegurar una buena convivencia dentro de la comunidad universitaria que promueva el pleno desarrollo de los miembros de la comunidad sean estos funcionarios, acad\u00e9micos o estudiantes.<\/p>\n<p>Mediante la <a href=\"https:\/\/drive.google.com\/file\/d\/1K0yg8B1NPvO2CccywUJ543PEdQkmecvR\/view\">Resoluci\u00f3n exenta N\u00b0 262, de fecha 28 de marzo de 2019<\/a>, se aprob\u00f3 en nuestra Universidad el procedimiento para reconocer el nombre social a las personas que lo soliciten en virtud de su identidad de g\u00e9nero.<\/p>\n<p>Este procedimiento, una vez realizado, asegura que en todas las dependencias y actividades acad\u00e9micas y administrativas de la universidad de O\u2019Higgins se deber\u00e1, en toda circunstancia, respetar la identidad de g\u00e9nero adoptada o autopercibida por cualquier integrante de la comunidad universitaria.[\/vc_column_text][vc_row_inner el_class=&#8221;pt-5&#8243;][vc_column_inner width=&#8221;1\/3&#8243;]<div class=\"box-container__info circle--pattern\" style=\"border-top: 4px solid #42a0f8\"><figure ><img decoding=\"async\" src=\"\" \/><figcaption class=\"uoh_row m-0 align-items-center\">\n                        <div class=\"\"><h5 class=\"title__caption mb-3\">\u00bfQu\u00e9 se entiende por identidad de g\u00e9nero seg\u00fan la ley?<\/h5><div> <p>Se entiende como la convicci\u00f3n personal e interna de ser hombre o mujer, tal como la persona se percibe a s\u00ed misma. Eso puede o no corresponder con el sexo y nombre que figura en el acta de inscripci\u00f3n del nacimiento.<\/p><\/div><\/div> <\/figcaption><\/figure><\/div>[\/vc_column_inner][vc_column_inner width=&#8221;1\/3&#8243;]<div class=\"box-container__info circle--pattern\" style=\"border-top: 4px solid #42a0f8\"><figure ><img decoding=\"async\" src=\"\" \/><figcaption class=\"uoh_row m-0 align-items-center\">\n                        <div class=\"\"><h5 class=\"title__caption mb-3\">\u00bfQu\u00e9 se entiende por nombre registral?<\/h5><div> <p>Es el nombre registrado al nacer al que se le asigna un RUN. Se considera el nombre legal.<\/p><\/div><\/div> <\/figcaption><\/figure><\/div>[\/vc_column_inner][vc_column_inner width=&#8221;1\/3&#8243;]<div class=\"box-container__info circle--pattern\" style=\"border-top: 4px solid #42a0f8\"><figure ><img decoding=\"async\" src=\"\" \/><figcaption class=\"uoh_row m-0 align-items-center\">\n                        <div class=\"\"><h5 class=\"title__caption mb-3\">\u00bfQu\u00e9 se entiende por nombre social?<\/h5><div> <p>Es aquel que utiliza una persona en raz\u00f3n de su expresi\u00f3n de g\u00e9nero y que difiere de su nombre legal o registral.<\/p><\/div><\/div> <\/figcaption><\/figure><\/div>[\/vc_column_inner][\/vc_row_inner][vc_row_inner el_class=&#8221;pt-md-5&#8243;][vc_column_inner width=&#8221;1\/2&#8243;]<div class=\"uoh_title_component-container\"><h2 class=\"title title--ms d-inline-block title--decorator  medium\">\u00bfC\u00f3mo realizo en la Universidad el procedimiento de cambio de nombre?<\/h2><\/div>[vc_column_text]Todo integrante de nuestra universidad puede manifestar su voluntad de utilizar su nombre social ante la Oficina de Equidad y G\u00e9nero.<\/p>\n<p>Para hacer esta solicitud debes descargar el formulario de solicitud y la declaraci\u00f3n jurada simple, y pres\u00e9ntala presencialmente en la Oficina de Equidad y G\u00e9nero o a trav\u00e9s del correo\u00a0<a title=\"Link: mailto:oficina.equidad.genero@uoh.cl\" href=\"mailto:oficina.equidad.genero@uoh.cl\">oficina.equidad.genero@uoh.cl.<\/a>[\/vc_column_text][\/vc_column_inner][vc_column_inner width=&#8221;1\/2&#8243;][vc_zigzag color=&#8221;white&#8221; el_border_width=&#8221;20&#8243;][vc_zigzag color=&#8221;white&#8221; el_border_width=&#8221;20&#8243;][vc_btn title=&#8221;Formulario cambio de nombre social: declaraci\u00f3n jurada y solicitud&#8221; color=&#8221;purple&#8221; size=&#8221;lg&#8221; align=&#8221;center&#8221; i_icon_fontawesome=&#8221;fa fa-solid fa-download&#8221; css=&#8221;&#8221; add_icon=&#8221;true&#8221; link=&#8221;url:https%3A%2F%2Fwww.uoh.cl%2Fequidad-de-genero-y-diversidades%2Fwp-content%2Fuploads%2Fsites%2F20%2F2025%2F05%2FCAMBIO-NOMBRE-SOCIAL-DECLARACION_JURADA-Y-SOLICITUD.docx|target:_blank&#8221;][\/vc_column_inner][\/vc_row_inner][\/vc_column][\/vc_row][\/vc_section]<\/p>\n<\/div>","protected":false},"excerpt":{"rendered":"<p>[vc_section el_class=&#8221;container mx-auto align-items-center text-right circle&#8211;pattern&#8221; css=&#8221;.vc_custom_1648956589196{padding-top: 3rem !important;}&#8221;][vc_row el_class=&#8221;pb-5&#8243;][vc_column][vc_wp_custommenu nav_menu=&#8221;4&#8243;][\/vc_column][\/vc_row][\/vc_section][vc_section css=&#8221;.vc_custom_1648956222412{background-color: #f6faff !important;}&#8221;][vc_row el_class=&#8221;container mx-auto align-items-center text-right px-md-0&#8243;][vc_column el_class=&#8221;p-0&#8243;][vc_single_image image=&#8221;112&#8243; img_size=&#8221;full&#8221;][\/vc_column][\/vc_row][\/vc_section][vc_section el_class=&#8221;container mx-auto align-items-center text-right circle&#8211;pattern&#8221; css=&#8221;.vc_custom_1648956589196{padding-top: 3rem !important;}&#8221;][vc_row el_class=&#8221;pb-5&#8243;][vc_column][vc_column_text el_class=&#8221;mb-4&#8243;]En la UOH existe el reconocimiento y respeto a la libre opci\u00f3n sexual, garantizando la libertad, igualdad y trato no discriminatorio, con el fin [&hellip;]<\/p>\n","protected":false},"author":34,"featured_media":0,"parent":0,"menu_order":0,"comment_status":"closed","ping_status":"closed","template":"","meta":{"_acf_changed":false,"footnotes":""},"class_list":["post-111","page","type-page","status-publish","hentry"],"acf":[],"yoast_head":"<!-- This site is optimized with the Yoast SEO plugin v26.6 - https:\/\/yoast.com\/wordpress\/plugins\/seo\/ -->\n<title>Cambios de Nombre Social - Equidad de Genero y Diversidades<\/title>\n<meta name=\"robots\" content=\"index, follow, max-snippet:-1, max-image-preview:large, max-video-preview:-1\" \/>\n<link rel=\"canonical\" href=\"https:\/\/www.uoh.cl\/equidad-de-genero-y-diversidades\/cambios-de-nombre-social\/\" \/>\n<meta property=\"og:locale\" content=\"es_ES\" \/>\n<meta property=\"og:type\" content=\"article\" \/>\n<meta property=\"og:title\" content=\"Cambios de Nombre Social - Equidad de Genero y Diversidades\" \/>\n<meta property=\"og:description\" content=\"[vc_section el_class=&#8221;container mx-auto align-items-center text-right circle&#8211;pattern&#8221; css=&#8221;.vc_custom_1648956589196{padding-top: 3rem !important;}&#8221;][vc_row el_class=&#8221;pb-5&#8243;][vc_column][vc_wp_custommenu nav_menu=&#8221;4&#8243;][\/vc_column][\/vc_row][\/vc_section][vc_section css=&#8221;.vc_custom_1648956222412{background-color: #f6faff !important;}&#8221;][vc_row el_class=&#8221;container mx-auto align-items-center text-right px-md-0&#8243;][vc_column el_class=&#8221;p-0&#8243;][vc_single_image image=&#8221;112&#8243; img_size=&#8221;full&#8221;][\/vc_column][\/vc_row][\/vc_section][vc_section el_class=&#8221;container mx-auto align-items-center text-right circle&#8211;pattern&#8221; css=&#8221;.vc_custom_1648956589196{padding-top: 3rem !important;}&#8221;][vc_row el_class=&#8221;pb-5&#8243;][vc_column][vc_column_text el_class=&#8221;mb-4&#8243;]En la UOH existe el reconocimiento y respeto a la libre opci\u00f3n sexual, garantizando la libertad, igualdad y trato no discriminatorio, con el fin [&hellip;]\" \/>\n<meta property=\"og:url\" content=\"https:\/\/www.uoh.cl\/equidad-de-genero-y-diversidades\/cambios-de-nombre-social\/\" \/>\n<meta property=\"og:site_name\" content=\"Equidad de Genero y Diversidades\" \/>\n<meta property=\"article:modified_time\" content=\"2025-05-26T21:10:35+00:00\" \/>\n<meta name=\"twitter:card\" content=\"summary_large_image\" \/>\n<meta name=\"twitter:label1\" content=\"Tiempo estimado de lectura\" \/>\n\t<meta name=\"twitter:data1\" content=\"2 minutos\" \/>\n<script type=\"application\/ld+json\" class=\"yoast-schema-graph\">{\"@context\":\"https:\/\/schema.org\",\"@graph\":[{\"@type\":\"WebPage\",\"@id\":\"https:\/\/www.uoh.cl\/equidad-de-genero-y-diversidades\/cambios-de-nombre-social\/\",\"url\":\"https:\/\/www.uoh.cl\/equidad-de-genero-y-diversidades\/cambios-de-nombre-social\/\",\"name\":\"Cambios de Nombre Social - Equidad de Genero y Diversidades\",\"isPartOf\":{\"@id\":\"https:\/\/www.uoh.cl\/equidad-de-genero-y-diversidades\/#website\"},\"datePublished\":\"2022-04-10T06:20:39+00:00\",\"dateModified\":\"2025-05-26T21:10:35+00:00\",\"inLanguage\":\"es-CL\",\"potentialAction\":[{\"@type\":\"ReadAction\",\"target\":[\"https:\/\/www.uoh.cl\/equidad-de-genero-y-diversidades\/cambios-de-nombre-social\/\"]}]},{\"@type\":\"WebSite\",\"@id\":\"https:\/\/www.uoh.cl\/equidad-de-genero-y-diversidades\/#website\",\"url\":\"https:\/\/www.uoh.cl\/equidad-de-genero-y-diversidades\/\",\"name\":\"Equidad de Genero y Diversidades\",\"description\":\"Otro sitio de Sitios de Universidad O'higgins\",\"potentialAction\":[{\"@type\":\"SearchAction\",\"target\":{\"@type\":\"EntryPoint\",\"urlTemplate\":\"https:\/\/www.uoh.cl\/equidad-de-genero-y-diversidades\/?s={search_term_string}\"},\"query-input\":{\"@type\":\"PropertyValueSpecification\",\"valueRequired\":true,\"valueName\":\"search_term_string\"}}],\"inLanguage\":\"es-CL\"}]}<\/script>\n<!-- \/ Yoast SEO plugin. -->","yoast_head_json":{"title":"Cambios de Nombre Social - Equidad de Genero y Diversidades","robots":{"index":"index","follow":"follow","max-snippet":"max-snippet:-1","max-image-preview":"max-image-preview:large","max-video-preview":"max-video-preview:-1"},"canonical":"https:\/\/www.uoh.cl\/equidad-de-genero-y-diversidades\/cambios-de-nombre-social\/","og_locale":"es_ES","og_type":"article","og_title":"Cambios de Nombre Social - Equidad de Genero y Diversidades","og_description":"[vc_section el_class=&#8221;container mx-auto align-items-center text-right circle&#8211;pattern&#8221; css=&#8221;.vc_custom_1648956589196{padding-top: 3rem !important;}&#8221;][vc_row el_class=&#8221;pb-5&#8243;][vc_column][vc_wp_custommenu nav_menu=&#8221;4&#8243;][\/vc_column][\/vc_row][\/vc_section][vc_section css=&#8221;.vc_custom_1648956222412{background-color: #f6faff !important;}&#8221;][vc_row el_class=&#8221;container mx-auto align-items-center text-right px-md-0&#8243;][vc_column el_class=&#8221;p-0&#8243;][vc_single_image image=&#8221;112&#8243; img_size=&#8221;full&#8221;][\/vc_column][\/vc_row][\/vc_section][vc_section el_class=&#8221;container mx-auto align-items-center text-right circle&#8211;pattern&#8221; css=&#8221;.vc_custom_1648956589196{padding-top: 3rem !important;}&#8221;][vc_row el_class=&#8221;pb-5&#8243;][vc_column][vc_column_text el_class=&#8221;mb-4&#8243;]En la UOH existe el reconocimiento y respeto a la libre opci\u00f3n sexual, garantizando la libertad, igualdad y trato no discriminatorio, con el fin [&hellip;]","og_url":"https:\/\/www.uoh.cl\/equidad-de-genero-y-diversidades\/cambios-de-nombre-social\/","og_site_name":"Equidad de Genero y Diversidades","article_modified_time":"2025-05-26T21:10:35+00:00","twitter_card":"summary_large_image","twitter_misc":{"Tiempo estimado de lectura":"2 minutos"},"schema":{"@context":"https:\/\/schema.org","@graph":[{"@type":"WebPage","@id":"https:\/\/www.uoh.cl\/equidad-de-genero-y-diversidades\/cambios-de-nombre-social\/","url":"https:\/\/www.uoh.cl\/equidad-de-genero-y-diversidades\/cambios-de-nombre-social\/","name":"Cambios de Nombre Social - Equidad de Genero y Diversidades","isPartOf":{"@id":"https:\/\/www.uoh.cl\/equidad-de-genero-y-diversidades\/#website"},"datePublished":"2022-04-10T06:20:39+00:00","dateModified":"2025-05-26T21:10:35+00:00","inLanguage":"es-CL","potentialAction":[{"@type":"ReadAction","target":["https:\/\/www.uoh.cl\/equidad-de-genero-y-diversidades\/cambios-de-nombre-social\/"]}]},{"@type":"WebSite","@id":"https:\/\/www.uoh.cl\/equidad-de-genero-y-diversidades\/#website","url":"https:\/\/www.uoh.cl\/equidad-de-genero-y-diversidades\/","name":"Equidad de Genero y Diversidades","description":"Otro sitio de Sitios de Universidad O'higgins","potentialAction":[{"@type":"SearchAction","target":{"@type":"EntryPoint","urlTemplate":"https:\/\/www.uoh.cl\/equidad-de-genero-y-diversidades\/?s={search_term_string}"},"query-input":{"@type":"PropertyValueSpecification","valueRequired":true,"valueName":"search_term_string"}}],"inLanguage":"es-CL"}]}},"_links":{"self":[{"href":"https:\/\/www.uoh.cl\/equidad-de-genero-y-diversidades\/wp-json\/wp\/v2\/pages\/111","targetHints":{"allow":["GET"]}}],"collection":[{"href":"https:\/\/www.uoh.cl\/equidad-de-genero-y-diversidades\/wp-json\/wp\/v2\/pages"}],"about":[{"href":"https:\/\/www.uoh.cl\/equidad-de-genero-y-diversidades\/wp-json\/wp\/v2\/types\/page"}],"author":[{"embeddable":true,"href":"https:\/\/www.uoh.cl\/equidad-de-genero-y-diversidades\/wp-json\/wp\/v2\/users\/34"}],"replies":[{"embeddable":true,"href":"https:\/\/www.uoh.cl\/equidad-de-genero-y-diversidades\/wp-json\/wp\/v2\/comments?post=111"}],"version-history":[{"count":10,"href":"https:\/\/www.uoh.cl\/equidad-de-genero-y-diversidades\/wp-json\/wp\/v2\/pages\/111\/revisions"}],"predecessor-version":[{"id":2118,"href":"https:\/\/www.uoh.cl\/equidad-de-genero-y-diversidades\/wp-json\/wp\/v2\/pages\/111\/revisions\/2118"}],"wp:attachment":[{"href":"https:\/\/www.uoh.cl\/equidad-de-genero-y-diversidades\/wp-json\/wp\/v2\/media?parent=111"}],"curies":[{"name":"wp","href":"https:\/\/api.w.org\/{rel}","templated":true}]}}