
{"id":7,"date":"2022-12-12T17:17:39","date_gmt":"2022-12-12T20:17:39","guid":{"rendered":"https:\/\/www.uoh.cl\/dgp\/?page_id=7"},"modified":"2023-01-11T10:25:03","modified_gmt":"2023-01-11T13:25:03","slug":"direccion-de-gestion-de-personas","status":"publish","type":"page","link":"https:\/\/www.uoh.cl\/dgp\/","title":{"rendered":"Direcci\u00f3n de Gesti\u00f3n de Personas"},"content":{"rendered":"<div class=\"wpb-content-wrapper\"><p>[vc_row][vc_column]<div class=\"uoh_slider_featured_component component__featured-slide row mx-auto col-12 m-0 align-items-center position-relative\" style=\" background: url()\"><div class=\"caption--degrade\"><svg  xmlns=\"http:\/\/www.w3.org\/2000\/svg\" xmlns:xlink=\"http:\/\/www.w3.org\/1999\/xlink\" width=\"1061px\" height=\"539px\"><defs><linearGradient id=\"PSgrad_0\" x1=\"0%\" x2=\"64.279%\" y1=\"76.604%\" y2=\"0%\"><stop offset=\"0%\" stop-color=\"rgb(66,160,248)\" stop-opacity=\"1\" \/><stop offset=\"100%\" stop-color=\"rgb(66,160,248)\" stop-opacity=\"0\" \/><\/linearGradient><\/defs><path fill-rule=\"evenodd\"  fill=\"none\" d=\"M311.000,515.000 C311.000,515.000 211.039,468.555 132.000,357.000 C21.864,201.555 -4.306,4.695 1.000,0.000 L196.000,0.000 L811.000,0.000 L1061.000,0.000 C1061.000,0.000 851.535,430.030 546.000,521.000 C402.674,563.674 311.000,515.000 311.000,515.000 Z\"\/> <path fill=\"url(#PSgrad_0)\"d=\"M311.000,515.000 C311.000,515.000 211.039,468.555 132.000,357.000 C21.864,201.555 -4.306,4.695 1.000,0.000 L196.000,0.000 L811.000,0.000 L1061.000,0.000 C1061.000,0.000 851.535,430.030 546.000,521.000 C402.674,563.674 311.000,515.000 311.000,515.000 Z\"\/><\/svg><\/div><div class=\"caption--quote\"><svg xmlns=\"http:\/\/www.w3.org\/2000\/svg\" xmlns:xlink=\"http:\/\/www.w3.org\/1999\/xlink\"width=\"226px\" height=\"273px\"><defs><linearGradient id=\"PSgrad_0\" x1=\"71.934%\" x2=\"0%\" y1=\"69.466%\" y2=\"0%\"><stop offset=\"0%\" stop-color=\"rgb(66,160,248)\" stop-opacity=\"0.49\" \/><stop offset=\"100%\" stop-color=\"rgb(66,160,248)\" stop-opacity=\"0\" \/><\/linearGradient><\/defs><path fill-rule=\"evenodd\"  fill=\"none\" d=\"M-0.000,273.000 L174.000,273.000 C174.000,273.000 226.000,266.268 226.000,221.000 C226.000,175.732 226.000,-0.000 226.000,-0.000 C226.000,-0.000 24.577,71.878 -0.000,273.000 Z\"\/><path fill=\"url(#PSgrad_0)\"d=\"M-0.000,273.000 L174.000,273.000 C174.000,273.000 226.000,266.268 226.000,221.000 C226.000,175.732 226.000,-0.000 226.000,-0.000 C226.000,-0.000 24.577,71.878 -0.000,273.000 Z\"\/><\/svg><\/div><div class=\"my-uoh_slider_featured_component container mx-auto p-md-0\" ><div class=\"content component__featured-slide-content container row mx-auto aling-items-center p-0\"><h1 class=\"p-0 featured-slide title\"  style=\"\"><em><\/em>Direcci\u00f3n de Gesti\u00f3n de Personas<\/h1><ul class=\"breadcrumb breadcrumb-list\"><li><a href=\"https:\/\/www.uoh.cl\/dgp\">Inicio<\/a><\/li><li><span class=\"separator\"><?xml version=\"1.0\" ?><svg viewBox=\"0 0 96 96\" xmlns=\"http:\/\/www.w3.org\/2000\/svg\"><title\/><path d=\"M39.3756,48.0022l30.47-25.39a6.0035,6.0035,0,0,0-7.6878-9.223L26.1563,43.3906a6.0092,6.0092,0,0,0,0,9.2231L62.1578,82.615a6.0035,6.0035,0,0,0,7.6878-9.2231Z\"\/><\/svg><\/span><\/li><li><a href=\"\"><\/a><\/li><li>Direcci\u00f3n de Gesti\u00f3n de Personas<\/li><\/ul><\/div><span><\/span><\/div><\/div>[\/vc_column][\/vc_row][vc_section el_class=&#8221;container mx-auto align-items-center text-right circle&#8211;pattern&#8221; css=&#8221;.vc_custom_1648956589196{padding-top: 3rem !important;}&#8221;][vc_row el_class=&#8221;pb-5&#8243;][vc_column][vc_wp_custommenu nav_menu=&#8221;6&#8243;]<div class=\"uoh_title_component-container\"><h1 class=\"title title--ms d-inline-block title--decorator  big\">Direcci\u00f3n de Gesti\u00f3n de Personas<\/h1><\/div>[vc_row_inner el_class=&#8221;align-items-center&#8221;][vc_column_inner width=&#8221;1\/2&#8243;][vc_column_text]Lorem ipsum dolor sit amet, consectetur adipisicing elit, sed do eiusmod tempor incididunt ut labore et dolore magna aliqua. Ut enim ad minim veniam, quis nostrud exercitation ullamco laboris nisi ut aliquip ex ea commodo consequat. Duis aute irure dolor in reprehenderit in voluptate velit esse cillum dolore eu fugiat nulla pariatur. Excepteur sint occaecat cupidatat non proident, sunt in culpa qui officia deserunt mollit anim id est laborum.[\/vc_column_text][\/vc_column_inner][vc_column_inner width=&#8221;1\/2&#8243;]<div class=\"uoh_quote_component component__quote col-12\"><div class=\"uoh_quote_component p-2 mt-4 mt-md-0 p-md-5 \"><div class=\"content component__quote-content \"><span class=\"quote-icon\"><?xml version=\"1.0\" ?><svg fill=\"none\" height=\"48\" viewBox=\"0 0 48 48\" width=\"48\" xmlns=\"http:\/\/www.w3.org\/2000\/svg\"><path clip-rule=\"evenodd\" d=\"M18.8533 9.11599C11.3227 13.9523 7.13913 19.5812 6.30256 26.0029C5.00021 36 13.9404 40.8933 18.4703 36.4967C23.0002 32.1002 20.2848 26.5196 17.0047 24.9942C13.7246 23.4687 11.7187 24 12.0686 21.9616C12.4185 19.9231 17.0851 14.2713 21.1849 11.6392C21.4569 11.4079 21.5604 10.9591 21.2985 10.6187C21.1262 10.3947 20.7883 9.95557 20.2848 9.30114C19.8445 8.72888 19.4227 8.75029 18.8533 9.11599Z\" fill=\"black\" fill-rule=\"evenodd\"\/><path clip-rule=\"evenodd\" d=\"M38.6789 9.11599C31.1484 13.9523 26.9648 19.5812 26.1282 26.0029C24.8259 36 33.7661 40.8933 38.296 36.4967C42.8259 32.1002 40.1105 26.5196 36.8304 24.9942C33.5503 23.4687 31.5443 24 31.8943 21.9616C32.2442 19.9231 36.9108 14.2713 41.0106 11.6392C41.2826 11.4079 41.3861 10.9591 41.1241 10.6187C40.9519 10.3947 40.614 9.95557 40.1105 9.30114C39.6702 8.72888 39.2484 8.75029 38.6789 9.11599Z\" fill=\"black\" fill-rule=\"evenodd\"\/><\/svg><\/span> <div class=\"quote mb-5\">Lorem ipsum dolor sit amet, consectetur adipisicing elit, sed do eiusmod tempor incididunt ut labore et dolore magna aliqua. <span class=\"quote-icon-2\"><?xml version=\"1.0\" ?><svg fill=\"none\" height=\"48\" viewBox=\"0 0 48 48\" width=\"48\" xmlns=\"http:\/\/www.w3.org\/2000\/svg\"><path clip-rule=\"evenodd\" d=\"M18.8533 9.11599C11.3227 13.9523 7.13913 19.5812 6.30256 26.0029C5.00021 36 13.9404 40.8933 18.4703 36.4967C23.0002 32.1002 20.2848 26.5196 17.0047 24.9942C13.7246 23.4687 11.7187 24 12.0686 21.9616C12.4185 19.9231 17.0851 14.2713 21.1849 11.6392C21.4569 11.4079 21.5604 10.9591 21.2985 10.6187C21.1262 10.3947 20.7883 9.95557 20.2848 9.30114C19.8445 8.72888 19.4227 8.75029 18.8533 9.11599Z\" fill=\"black\" fill-rule=\"evenodd\"\/><path clip-rule=\"evenodd\" d=\"M38.6789 9.11599C31.1484 13.9523 26.9648 19.5812 26.1282 26.0029C24.8259 36 33.7661 40.8933 38.296 36.4967C42.8259 32.1002 40.1105 26.5196 36.8304 24.9942C33.5503 23.4687 31.5443 24 31.8943 21.9616C32.2442 19.9231 36.9108 14.2713 41.0106 11.6392C41.2826 11.4079 41.3861 10.9591 41.1241 10.6187C40.9519 10.3947 40.614 9.95557 40.1105 9.30114C39.6702 8.72888 39.2484 8.75029 38.6789 9.11599Z\" fill=\"black\" fill-rule=\"evenodd\"\/><\/svg><\/span><\/div><\/div><div class=\"col-12 component__quote-name row\"><div class=\"col quote__profile\"><div class=\"img-wrap\"><img decoding=\"async\" data-src=\"https:\/\/www.uoh.cl\/dgp\/wp-content\/uploads\/sites\/46\/2023\/01\/avatar-1577909_640-3270759429-150x150.png\" src=\"data:image\/svg+xml;base64,PHN2ZyB3aWR0aD0iMSIgaGVpZ2h0PSIxIiB4bWxucz0iaHR0cDovL3d3dy53My5vcmcvMjAwMC9zdmciPjwvc3ZnPg==\" class=\"lazyload\" style=\"--smush-placeholder-width: 150px; --smush-placeholder-aspect-ratio: 150\/150;\"><\/div><\/div><div class=\"col row m-0 align-items-end p-0 quote__profile-content\"><div class=\"p-0 pb-2\"><h5 class=\"m-0 title title--inter\">Autor<\/h5><span>Cargo<\/span><\/div><\/div><\/div><\/div><\/div>[\/vc_column_inner][\/vc_row_inner][\/vc_column][\/vc_row][\/vc_section][vc_section css=&#8221;.vc_custom_1670876420956{background-color: #f6faff !important;}&#8221; el_class=&#8221;p-md-0 pt-md-5 pb-md-5&#8243;][vc_row equal_height=&#8221;yes&#8221; el_class=&#8221;container mx-auto text-right p-md-0 pt-5&#8243;][vc_column width=&#8221;1\/3&#8243; el_class=&#8221;p-0&#8243;]<div class=\"box-container__info circle--pattern\" style=\"border-top: 4px solid #42a0f8\"><figure ><img decoding=\"async\" src=\"\" \/><figcaption class=\"uoh_row m-0 align-items-center\">\n                        <div class=\"\"><h5 class=\"title__caption mb-3\">Intranet.<\/h5><div> <p>Lorem ipsum dolor sit amet, consectetur adipisicing elit, sed do eiusmod tempor incididunt ut labore et dolore magna aliqua. Ut enim ad minim veniam, quis nostrud exercitation ullamco laboris nisi ut aliquip ex ea commodo consequat. Duis aute irure dolor in reprehenderit in voluptate velit esse cillum dolore eu fugiat nulla pariatur. Excepteur sint occaecat cupidatat non proident, sunt in culpa qui officia deserunt mollit anim id est laborum.<\/p><\/div><\/div> <\/figcaption><\/figure><\/div>[\/vc_column][vc_column width=&#8221;1\/3&#8243;]<div class=\"box-container__info circle--pattern\" style=\"border-top: 4px solid #42a0f8\"><figure ><img decoding=\"async\" src=\"\" \/><figcaption class=\"uoh_row m-0 align-items-center\">\n                        <div class=\"\"><h5 class=\"title__caption mb-3\">Conciliaci\u00f3n de la vida laboral, familiar y personal.<\/h5><div> <p>Lorem ipsum dolor sit amet, consectetur adipisicing elit, sed do eiusmod tempor incididunt ut labore et dolore magna aliqua. Ut enim ad minim veniam, quis nostrud exercitation ullamco laboris nisi ut aliquip ex ea commodo consequat. Duis aute irure dolor in reprehenderit in voluptate velit esse cillum dolore eu fugiat nulla pariatur. Excepteur sint occaecat cupidatat non proident, sunt in culpa qui officia deserunt mollit anim id est laborum.<\/p><\/div><\/div> <\/figcaption><\/figure><\/div>[\/vc_column][vc_column width=&#8221;1\/3&#8243;]<div class=\"box-container__info circle--pattern\" style=\"border-top: 4px solid #42a0f8\"><figure ><img decoding=\"async\" src=\"\" \/><figcaption class=\"uoh_row m-0 align-items-center\">\n                        <div class=\"\"><h5 class=\"title__caption mb-3\">Desarrollo de personas.<\/h5><div> <p>Lorem ipsum dolor sit amet, consectetur adipisicing elit, sed do eiusmod tempor incididunt ut labore et dolore magna aliqua. Ut enim ad minim veniam, quis nostrud exercitation ullamco laboris nisi ut aliquip ex ea commodo consequat. Duis aute irure dolor in reprehenderit in voluptate velit esse cillum dolore eu fugiat nulla pariatur. Excepteur sint occaecat cupidatat non proident, sunt in culpa qui officia deserunt mollit anim id est laborum.<\/p><\/div><\/div> <\/figcaption><\/figure><\/div>[\/vc_column][\/vc_row][vc_row equal_height=&#8221;yes&#8221; el_class=&#8221;container mx-auto p-md-0 pt-5 pt-md-5&#8243;][vc_column width=&#8221;1\/3&#8243; el_class=&#8221;p-0&#8243;]<div class=\"box-container__info circle--pattern\" style=\"border-top: 4px solid #42a0f8\"><figure ><img decoding=\"async\" src=\"\" \/><figcaption class=\"uoh_row m-0 align-items-center\">\n                        <div class=\"\"><h5 class=\"title__caption mb-3\">Convenios y Beneficios.<\/h5><div> <p>Lorem ipsum dolor sit amet, consectetur adipisicing elit, sed do eiusmod tempor incididunt ut labore et dolore magna aliqua. Ut enim ad minim veniam, quis nostrud exercitation ullamco laboris nisi ut aliquip ex ea commodo consequat. Duis aute irure dolor in reprehenderit in voluptate velit esse cillum dolore eu fugiat nulla pariatur. Excepteur sint occaecat cupidatat non proident, sunt in culpa qui officia deserunt mollit anim id est laborum.<\/p><\/div><\/div> <\/figcaption><\/figure><\/div>[\/vc_column][vc_column width=&#8221;1\/3&#8243;]<div class=\"box-container__info circle--pattern\" style=\"border-top: 4px solid #42a0f8\"><figure ><img decoding=\"async\" src=\"\" \/><figcaption class=\"uoh_row m-0 align-items-center\">\n                        <div class=\"\"><h5 class=\"title__caption mb-3\">Prevenci\u00f3n de Riesgos.<\/h5><div> <p>Lorem ipsum dolor sit amet, consectetur adipisicing elit, sed do eiusmod tempor incididunt ut labore et dolore magna aliqua. Ut enim ad minim veniam, quis nostrud exercitation ullamco laboris nisi ut aliquip ex ea commodo consequat. Duis aute irure dolor in reprehenderit in voluptate velit esse cillum dolore eu fugiat nulla pariatur. Excepteur sint occaecat cupidatat non proident, sunt in culpa qui officia deserunt mollit anim id est laborum.<\/p><\/div><\/div> <\/figcaption><\/figure><\/div>[\/vc_column][vc_column width=&#8221;1\/3&#8243;]<div class=\"box-container__info circle--pattern\" style=\"border-top: 4px solid #42a0f8\"><figure ><img decoding=\"async\" src=\"\" \/><figcaption class=\"uoh_row m-0 align-items-center\">\n                        <div class=\"\"><h5 class=\"title__caption mb-3\">Oferta de Cursos 2023.<\/h5><div> <p>Lorem ipsum dolor sit amet, consectetur adipisicing elit, sed do eiusmod tempor incididunt ut labore et dolore magna aliqua. Ut enim ad minim veniam, quis nostrud exercitation ullamco laboris nisi ut aliquip ex ea commodo consequat. Duis aute irure dolor in reprehenderit in voluptate velit esse cillum dolore eu fugiat nulla pariatur. Excepteur sint occaecat cupidatat non proident, sunt in culpa qui officia deserunt mollit anim id est laborum.<\/p><\/div><\/div> <\/figcaption><\/figure><\/div>[\/vc_column][\/vc_row][\/vc_section][vc_section el_class=&#8221;p-md-0 pt-md-5 pb-md-5&#8243;][vc_row el_class=&#8221;container mx-auto align-items-center text-right p-md-0 pt-5&#8243;][vc_column el_class=&#8221;p-0&#8243;]<div class=\"uoh_title_component-container\"><h2 class=\"title title--ms d-inline-block title--decorator  medium\">Galer\u00eda<\/h2><\/div>[vc_media_grid gap=&#8221;10&#8243; grid_id=&#8221;vc_gid:1673443212340-cf6e71ea8bc1c14c748b631f91e92636-4&#8243; include=&#8221;18,19,20,21,22,23&#8243;][\/vc_column][\/vc_row][\/vc_section][vc_section el_class=&#8221;p-md-0 pt-md-5 pb-md-5&#8243; css=&#8221;.vc_custom_1670876458003{background-color: #f6faff !important;}&#8221;][vc_row el_class=&#8221;container mx-auto align-items-center text-right p-md-0 pt-5&#8243;][vc_column el_class=&#8221;p-0&#8243;]<div class=\"uoh_title_component-container\"><h2 class=\"title title--ms d-inline-block title--decorator  medium\">Contacto<\/h2><\/div>[vc_column_text]Soy un bloque de texto. Haz clic en el bot\u00f3n Editar para cambiar este texto. Lorem ipsum dolor sit amet, consectetur adipiscing elit. Ut elit tellus, luctus nec ullamcorper mattis, pulvinar dapibus leo.[\/vc_column_text][\/vc_column][\/vc_row][\/vc_section]<\/p>\n<\/div>","protected":false},"excerpt":{"rendered":"<p>[vc_row][vc_column][\/vc_column][\/vc_row][vc_section el_class=&#8221;container mx-auto align-items-center text-right circle&#8211;pattern&#8221; css=&#8221;.vc_custom_1648956589196{padding-top: 3rem !important;}&#8221;][vc_row el_class=&#8221;pb-5&#8243;][vc_column][vc_wp_custommenu nav_menu=&#8221;6&#8243;][vc_row_inner el_class=&#8221;align-items-center&#8221;][vc_column_inner width=&#8221;1\/2&#8243;][vc_column_text]Lorem ipsum dolor sit amet, consectetur adipisicing elit, sed do eiusmod tempor incididunt ut labore et dolore magna aliqua. Ut enim ad minim veniam, quis nostrud exercitation ullamco laboris nisi ut aliquip ex ea commodo consequat. Duis aute irure dolor in reprehenderit in [&hellip;]<\/p>\n","protected":false},"author":6,"featured_media":0,"parent":0,"menu_order":0,"comment_status":"closed","ping_status":"closed","template":"","meta":{"_acf_changed":false,"footnotes":""},"class_list":["post-7","page","type-page","status-publish","hentry"],"acf":[],"yoast_head":"<!-- This site is optimized with the Yoast SEO plugin v26.6 - https:\/\/yoast.com\/wordpress\/plugins\/seo\/ -->\n<title>Direcci\u00f3n de Gesti\u00f3n de Personas - Direcci\u00f3n de Gesti\u00f3n de Personas<\/title>\n<meta name=\"robots\" content=\"index, follow, max-snippet:-1, max-image-preview:large, max-video-preview:-1\" \/>\n<link rel=\"canonical\" href=\"https:\/\/www.uoh.cl\/dgp\/\" \/>\n<meta property=\"og:locale\" content=\"es_ES\" \/>\n<meta property=\"og:type\" content=\"article\" \/>\n<meta property=\"og:title\" content=\"Direcci\u00f3n de Gesti\u00f3n de Personas - Direcci\u00f3n de Gesti\u00f3n de Personas\" \/>\n<meta property=\"og:description\" content=\"[vc_row][vc_column][\/vc_column][\/vc_row][vc_section el_class=&#8221;container mx-auto align-items-center text-right circle&#8211;pattern&#8221; css=&#8221;.vc_custom_1648956589196{padding-top: 3rem !important;}&#8221;][vc_row el_class=&#8221;pb-5&#8243;][vc_column][vc_wp_custommenu nav_menu=&#8221;6&#8243;][vc_row_inner el_class=&#8221;align-items-center&#8221;][vc_column_inner width=&#8221;1\/2&#8243;][vc_column_text]Lorem ipsum dolor sit amet, consectetur adipisicing elit, sed do eiusmod tempor incididunt ut labore et dolore magna aliqua. Ut enim ad minim veniam, quis nostrud exercitation ullamco laboris nisi ut aliquip ex ea commodo consequat. Duis aute irure dolor in reprehenderit in [&hellip;]\" \/>\n<meta property=\"og:url\" content=\"https:\/\/www.uoh.cl\/dgp\/\" \/>\n<meta property=\"og:site_name\" content=\"Direcci\u00f3n de Gesti\u00f3n de Personas\" \/>\n<meta property=\"article:modified_time\" content=\"2023-01-11T13:25:03+00:00\" \/>\n<meta name=\"twitter:card\" content=\"summary_large_image\" \/>\n<meta name=\"twitter:label1\" content=\"Tiempo estimado de lectura\" \/>\n\t<meta name=\"twitter:data1\" content=\"1 minuto\" \/>\n<script type=\"application\/ld+json\" class=\"yoast-schema-graph\">{\"@context\":\"https:\/\/schema.org\",\"@graph\":[{\"@type\":\"WebPage\",\"@id\":\"https:\/\/www.uoh.cl\/dgp\/\",\"url\":\"https:\/\/www.uoh.cl\/dgp\/\",\"name\":\"Direcci\u00f3n de Gesti\u00f3n de Personas - Direcci\u00f3n de Gesti\u00f3n de Personas\",\"isPartOf\":{\"@id\":\"https:\/\/www.uoh.cl\/dgp\/#website\"},\"datePublished\":\"2022-12-12T20:17:39+00:00\",\"dateModified\":\"2023-01-11T13:25:03+00:00\",\"breadcrumb\":{\"@id\":\"https:\/\/www.uoh.cl\/dgp\/#breadcrumb\"},\"inLanguage\":\"es-CL\",\"potentialAction\":[{\"@type\":\"ReadAction\",\"target\":[\"https:\/\/www.uoh.cl\/dgp\/\"]}]},{\"@type\":\"BreadcrumbList\",\"@id\":\"https:\/\/www.uoh.cl\/dgp\/#breadcrumb\",\"itemListElement\":[{\"@type\":\"ListItem\",\"position\":1,\"name\":\"Portada\",\"item\":\"https:\/\/www.uoh.cl\/dgp\/\"},{\"@type\":\"ListItem\",\"position\":2,\"name\":\"Direcci\u00f3n de Gesti\u00f3n de Personas\"}]},{\"@type\":\"WebSite\",\"@id\":\"https:\/\/www.uoh.cl\/dgp\/#website\",\"url\":\"https:\/\/www.uoh.cl\/dgp\/\",\"name\":\"Direcci\u00f3n de Gesti\u00f3n de Personas\",\"description\":\"\",\"potentialAction\":[{\"@type\":\"SearchAction\",\"target\":{\"@type\":\"EntryPoint\",\"urlTemplate\":\"https:\/\/www.uoh.cl\/dgp\/?s={search_term_string}\"},\"query-input\":{\"@type\":\"PropertyValueSpecification\",\"valueRequired\":true,\"valueName\":\"search_term_string\"}}],\"inLanguage\":\"es-CL\"}]}<\/script>\n<!-- \/ Yoast SEO plugin. -->","yoast_head_json":{"title":"Direcci\u00f3n de Gesti\u00f3n de Personas - Direcci\u00f3n de Gesti\u00f3n de Personas","robots":{"index":"index","follow":"follow","max-snippet":"max-snippet:-1","max-image-preview":"max-image-preview:large","max-video-preview":"max-video-preview:-1"},"canonical":"https:\/\/www.uoh.cl\/dgp\/","og_locale":"es_ES","og_type":"article","og_title":"Direcci\u00f3n de Gesti\u00f3n de Personas - Direcci\u00f3n de Gesti\u00f3n de Personas","og_description":"[vc_row][vc_column][\/vc_column][\/vc_row][vc_section el_class=&#8221;container mx-auto align-items-center text-right circle&#8211;pattern&#8221; css=&#8221;.vc_custom_1648956589196{padding-top: 3rem !important;}&#8221;][vc_row el_class=&#8221;pb-5&#8243;][vc_column][vc_wp_custommenu nav_menu=&#8221;6&#8243;][vc_row_inner el_class=&#8221;align-items-center&#8221;][vc_column_inner width=&#8221;1\/2&#8243;][vc_column_text]Lorem ipsum dolor sit amet, consectetur adipisicing elit, sed do eiusmod tempor incididunt ut labore et dolore magna aliqua. Ut enim ad minim veniam, quis nostrud exercitation ullamco laboris nisi ut aliquip ex ea commodo consequat. Duis aute irure dolor in reprehenderit in [&hellip;]","og_url":"https:\/\/www.uoh.cl\/dgp\/","og_site_name":"Direcci\u00f3n de Gesti\u00f3n de Personas","article_modified_time":"2023-01-11T13:25:03+00:00","twitter_card":"summary_large_image","twitter_misc":{"Tiempo estimado de lectura":"1 minuto"},"schema":{"@context":"https:\/\/schema.org","@graph":[{"@type":"WebPage","@id":"https:\/\/www.uoh.cl\/dgp\/","url":"https:\/\/www.uoh.cl\/dgp\/","name":"Direcci\u00f3n de Gesti\u00f3n de Personas - Direcci\u00f3n de Gesti\u00f3n de Personas","isPartOf":{"@id":"https:\/\/www.uoh.cl\/dgp\/#website"},"datePublished":"2022-12-12T20:17:39+00:00","dateModified":"2023-01-11T13:25:03+00:00","breadcrumb":{"@id":"https:\/\/www.uoh.cl\/dgp\/#breadcrumb"},"inLanguage":"es-CL","potentialAction":[{"@type":"ReadAction","target":["https:\/\/www.uoh.cl\/dgp\/"]}]},{"@type":"BreadcrumbList","@id":"https:\/\/www.uoh.cl\/dgp\/#breadcrumb","itemListElement":[{"@type":"ListItem","position":1,"name":"Portada","item":"https:\/\/www.uoh.cl\/dgp\/"},{"@type":"ListItem","position":2,"name":"Direcci\u00f3n de Gesti\u00f3n de Personas"}]},{"@type":"WebSite","@id":"https:\/\/www.uoh.cl\/dgp\/#website","url":"https:\/\/www.uoh.cl\/dgp\/","name":"Direcci\u00f3n de Gesti\u00f3n de Personas","description":"","potentialAction":[{"@type":"SearchAction","target":{"@type":"EntryPoint","urlTemplate":"https:\/\/www.uoh.cl\/dgp\/?s={search_term_string}"},"query-input":{"@type":"PropertyValueSpecification","valueRequired":true,"valueName":"search_term_string"}}],"inLanguage":"es-CL"}]}},"_links":{"self":[{"href":"https:\/\/www.uoh.cl\/dgp\/wp-json\/wp\/v2\/pages\/7","targetHints":{"allow":["GET"]}}],"collection":[{"href":"https:\/\/www.uoh.cl\/dgp\/wp-json\/wp\/v2\/pages"}],"about":[{"href":"https:\/\/www.uoh.cl\/dgp\/wp-json\/wp\/v2\/types\/page"}],"author":[{"embeddable":true,"href":"https:\/\/www.uoh.cl\/dgp\/wp-json\/wp\/v2\/users\/6"}],"replies":[{"embeddable":true,"href":"https:\/\/www.uoh.cl\/dgp\/wp-json\/wp\/v2\/comments?post=7"}],"version-history":[{"count":6,"href":"https:\/\/www.uoh.cl\/dgp\/wp-json\/wp\/v2\/pages\/7\/revisions"}],"predecessor-version":[{"id":25,"href":"https:\/\/www.uoh.cl\/dgp\/wp-json\/wp\/v2\/pages\/7\/revisions\/25"}],"wp:attachment":[{"href":"https:\/\/www.uoh.cl\/dgp\/wp-json\/wp\/v2\/media?parent=7"}],"curies":[{"name":"wp","href":"https:\/\/api.w.org\/{rel}","templated":true}]}}