
{"id":211,"date":"2022-04-15T01:27:52","date_gmt":"2022-04-15T04:27:52","guid":{"rendered":"https:\/\/www.uoh.cl\/admision\/?page_id=211"},"modified":"2023-01-10T15:40:26","modified_gmt":"2023-01-10T18:40:26","slug":"pagos","status":"publish","type":"page","link":"https:\/\/www.uoh.cl\/admision\/unidad-de-aranceles\/pagos\/","title":{"rendered":"Pagos"},"content":{"rendered":"<div class=\"wpb-content-wrapper\"><p>[vc_section el_class=&#8221;container mx-auto align-items-center circle&#8211;pattern&#8221; css=&#8221;.vc_custom_1673376016088{padding-top: 3rem !important;}&#8221;][vc_row el_class=&#8221;pb-5&#8243;][vc_column][vc_wp_custommenu nav_menu=&#8221;8&#8243;]<div class=\"breadcrumb\"><ol itemscope itemtype=\"https:\/\/schema.org\/BreadcrumbList\"><li itemprop=\"itemListElement\" itemscope itemtype=\"https:\/\/schema.org\/ListItem\"><a itemprop=\"item\" href=\"http:\/\/www.uoh.cl\"><span itemprop=\"name\">Inicio<\/span><\/a><meta itemprop=\"position\" content=\"1\" \/><li itemprop=\"itemListElement\" itemscope itemtype=\"https:\/\/schema.org\/ListItem\"><a itemprop=\"item\" href=\"https:\/\/www.uoh.cl\/admision\"><span itemprop=\"name\">Admisi\u00f3n UOH<\/span><\/a><meta itemprop=\"position\" content=\"2\" \/><li itemprop=\"itemListElement\" itemscope itemtype=\"https:\/\/schema.org\/ListItem\"><a itemprop=\"item\" href=\"https:\/\/www.uoh.cl\/admision\/unidad-de-aranceles\/\"><span itemprop=\"name\">Unidad de Aranceles<\/span><\/a><meta itemprop=\"position\" content=\"3\" \/><li itemprop=\"itemListElement\" itemscope itemtype=\"https:\/\/schema.org\/ListItem\"><span itemprop=\"name\">Pagos <\/span><meta itemprop=\"position\" content=\"4\" \/><\/ol><\/div><div class=\"uoh_title_component-container\"><h1 class=\"title title--ms d-inline-block title--decorator  big\">Pagos<\/h1><\/div>[vc_column_text]El sistema le dar\u00e1 la opci\u00f3n de pagar a trav\u00e9s de Webpay, con tarjeta de cr\u00e9dito o redcompra.<\/p>\n<p>Tambi\u00e9n podr\u00e1 descargar el cup\u00f3n de pago, imprimirlo y acercarse a cualquier sucursal del Banco Santander para pagar.[\/vc_column_text][\/vc_column][\/vc_row][\/vc_section][vc_section css=&#8221;.vc_custom_1649996987109{background-color: #f6faff !important;}&#8221; el_class=&#8221;pb-5&#8243;][vc_row el_class=&#8221;container mx-auto align-items-center&#8221;][vc_column el_class=&#8221;p-0&#8243;][vc_column_text el_class=&#8221;py-3&#8243;]<strong>NOTA<\/strong>: Por la situaci\u00f3n sanitaria que afecta al pa\u00eds (COVID-19), se ha dispuesto la opci\u00f3n de pago del arancel a trav\u00e9s de transferencia electr\u00f3nica, para ello el estudiante o aval del estudiante deber\u00e1 solicitar al correo\u00a0<a href=\"mailto:aranceles.pregrado@uoh.cl\">aranceles.pregrado@uoh.cl<\/a>\u00a0los datos para realizar la transferencia bancaria.<\/p>\n<p>Tenga presente que, en el Portal de Pagos, puede realizar lo siguiente:<\/p>\n<ul>\n<li>Pagos de deudas de matr\u00edcula y\/o cuotas de Arancel.<\/li>\n<li>Revisar el historial de los pagos.<\/li>\n<li>Abonos a deudas de arancel de a\u00f1os anteriores.<\/li>\n<\/ul>\n<p>[\/vc_column_text][\/vc_column][\/vc_row][\/vc_section]<\/p>\n<\/div>","protected":false},"excerpt":{"rendered":"<p>[vc_section el_class=&#8221;container mx-auto align-items-center circle&#8211;pattern&#8221; css=&#8221;.vc_custom_1673376016088{padding-top: 3rem !important;}&#8221;][vc_row el_class=&#8221;pb-5&#8243;][vc_column][vc_wp_custommenu nav_menu=&#8221;8&#8243;][vc_column_text]El sistema le dar\u00e1 la opci\u00f3n de pagar a trav\u00e9s de Webpay, con tarjeta de cr\u00e9dito o redcompra. Tambi\u00e9n podr\u00e1 descargar el cup\u00f3n de pago, imprimirlo y acercarse a cualquier sucursal del Banco Santander para pagar.[\/vc_column_text][\/vc_column][\/vc_row][\/vc_section][vc_section css=&#8221;.vc_custom_1649996987109{background-color: #f6faff !important;}&#8221; el_class=&#8221;pb-5&#8243;][vc_row el_class=&#8221;container mx-auto align-items-center&#8221;][vc_column el_class=&#8221;p-0&#8243;][vc_column_text el_class=&#8221;py-3&#8243;]NOTA: Por [&hellip;]<\/p>\n","protected":false},"author":34,"featured_media":0,"parent":146,"menu_order":0,"comment_status":"closed","ping_status":"closed","template":"","meta":{"_acf_changed":false,"footnotes":""},"class_list":["post-211","page","type-page","status-publish","hentry"],"acf":[],"yoast_head":"<!-- This site is optimized with the Yoast SEO plugin v26.6 - https:\/\/yoast.com\/wordpress\/plugins\/seo\/ -->\n<title>Pagos - Admisi\u00f3n UOH<\/title>\n<meta name=\"robots\" content=\"index, follow, max-snippet:-1, max-image-preview:large, max-video-preview:-1\" \/>\n<link rel=\"canonical\" href=\"https:\/\/www.uoh.cl\/admision\/unidad-de-aranceles\/pagos\/\" \/>\n<meta property=\"og:locale\" content=\"es_ES\" \/>\n<meta property=\"og:type\" content=\"article\" \/>\n<meta property=\"og:title\" content=\"Pagos - Admisi\u00f3n UOH\" \/>\n<meta property=\"og:description\" content=\"[vc_section el_class=&#8221;container mx-auto align-items-center circle&#8211;pattern&#8221; css=&#8221;.vc_custom_1673376016088{padding-top: 3rem !important;}&#8221;][vc_row el_class=&#8221;pb-5&#8243;][vc_column][vc_wp_custommenu nav_menu=&#8221;8&#8243;][vc_column_text]El sistema le dar\u00e1 la opci\u00f3n de pagar a trav\u00e9s de Webpay, con tarjeta de cr\u00e9dito o redcompra. Tambi\u00e9n podr\u00e1 descargar el cup\u00f3n de pago, imprimirlo y acercarse a cualquier sucursal del Banco Santander para pagar.[\/vc_column_text][\/vc_column][\/vc_row][\/vc_section][vc_section css=&#8221;.vc_custom_1649996987109{background-color: #f6faff !important;}&#8221; el_class=&#8221;pb-5&#8243;][vc_row el_class=&#8221;container mx-auto align-items-center&#8221;][vc_column el_class=&#8221;p-0&#8243;][vc_column_text el_class=&#8221;py-3&#8243;]NOTA: Por [&hellip;]\" \/>\n<meta property=\"og:url\" content=\"https:\/\/www.uoh.cl\/admision\/unidad-de-aranceles\/pagos\/\" \/>\n<meta property=\"og:site_name\" content=\"Admisi\u00f3n UOH\" \/>\n<meta property=\"article:modified_time\" content=\"2023-01-10T18:40:26+00:00\" \/>\n<meta name=\"twitter:card\" content=\"summary_large_image\" \/>\n<meta name=\"twitter:label1\" content=\"Tiempo estimado de lectura\" \/>\n\t<meta name=\"twitter:data1\" content=\"1 minuto\" \/>\n<script type=\"application\/ld+json\" class=\"yoast-schema-graph\">{\"@context\":\"https:\/\/schema.org\",\"@graph\":[{\"@type\":\"WebPage\",\"@id\":\"https:\/\/www.uoh.cl\/admision\/unidad-de-aranceles\/pagos\/\",\"url\":\"https:\/\/www.uoh.cl\/admision\/unidad-de-aranceles\/pagos\/\",\"name\":\"Pagos - Admisi\u00f3n UOH\",\"isPartOf\":{\"@id\":\"https:\/\/www.uoh.cl\/admision\/#website\"},\"datePublished\":\"2022-04-15T04:27:52+00:00\",\"dateModified\":\"2023-01-10T18:40:26+00:00\",\"breadcrumb\":{\"@id\":\"https:\/\/www.uoh.cl\/admision\/unidad-de-aranceles\/pagos\/#breadcrumb\"},\"inLanguage\":\"es-CL\",\"potentialAction\":[{\"@type\":\"ReadAction\",\"target\":[\"https:\/\/www.uoh.cl\/admision\/unidad-de-aranceles\/pagos\/\"]}]},{\"@type\":\"BreadcrumbList\",\"@id\":\"https:\/\/www.uoh.cl\/admision\/unidad-de-aranceles\/pagos\/#breadcrumb\",\"itemListElement\":[{\"@type\":\"ListItem\",\"position\":1,\"name\":\"Unidad de Aranceles\",\"item\":\"https:\/\/www.uoh.cl\/admision\/unidad-de-aranceles\/\"},{\"@type\":\"ListItem\",\"position\":2,\"name\":\"Pagos\"}]},{\"@type\":\"WebSite\",\"@id\":\"https:\/\/www.uoh.cl\/admision\/#website\",\"url\":\"https:\/\/www.uoh.cl\/admision\/\",\"name\":\"Admisi\u00f3n UOH\",\"description\":\"Otro sitio de Sitios de Universidad O&#039;higgins\",\"potentialAction\":[{\"@type\":\"SearchAction\",\"target\":{\"@type\":\"EntryPoint\",\"urlTemplate\":\"https:\/\/www.uoh.cl\/admision\/?s={search_term_string}\"},\"query-input\":{\"@type\":\"PropertyValueSpecification\",\"valueRequired\":true,\"valueName\":\"search_term_string\"}}],\"inLanguage\":\"es-CL\"}]}<\/script>\n<!-- \/ Yoast SEO plugin. -->","yoast_head_json":{"title":"Pagos - Admisi\u00f3n UOH","robots":{"index":"index","follow":"follow","max-snippet":"max-snippet:-1","max-image-preview":"max-image-preview:large","max-video-preview":"max-video-preview:-1"},"canonical":"https:\/\/www.uoh.cl\/admision\/unidad-de-aranceles\/pagos\/","og_locale":"es_ES","og_type":"article","og_title":"Pagos - Admisi\u00f3n UOH","og_description":"[vc_section el_class=&#8221;container mx-auto align-items-center circle&#8211;pattern&#8221; css=&#8221;.vc_custom_1673376016088{padding-top: 3rem !important;}&#8221;][vc_row el_class=&#8221;pb-5&#8243;][vc_column][vc_wp_custommenu nav_menu=&#8221;8&#8243;][vc_column_text]El sistema le dar\u00e1 la opci\u00f3n de pagar a trav\u00e9s de Webpay, con tarjeta de cr\u00e9dito o redcompra. Tambi\u00e9n podr\u00e1 descargar el cup\u00f3n de pago, imprimirlo y acercarse a cualquier sucursal del Banco Santander para pagar.[\/vc_column_text][\/vc_column][\/vc_row][\/vc_section][vc_section css=&#8221;.vc_custom_1649996987109{background-color: #f6faff !important;}&#8221; el_class=&#8221;pb-5&#8243;][vc_row el_class=&#8221;container mx-auto align-items-center&#8221;][vc_column el_class=&#8221;p-0&#8243;][vc_column_text el_class=&#8221;py-3&#8243;]NOTA: Por [&hellip;]","og_url":"https:\/\/www.uoh.cl\/admision\/unidad-de-aranceles\/pagos\/","og_site_name":"Admisi\u00f3n UOH","article_modified_time":"2023-01-10T18:40:26+00:00","twitter_card":"summary_large_image","twitter_misc":{"Tiempo estimado de lectura":"1 minuto"},"schema":{"@context":"https:\/\/schema.org","@graph":[{"@type":"WebPage","@id":"https:\/\/www.uoh.cl\/admision\/unidad-de-aranceles\/pagos\/","url":"https:\/\/www.uoh.cl\/admision\/unidad-de-aranceles\/pagos\/","name":"Pagos - Admisi\u00f3n UOH","isPartOf":{"@id":"https:\/\/www.uoh.cl\/admision\/#website"},"datePublished":"2022-04-15T04:27:52+00:00","dateModified":"2023-01-10T18:40:26+00:00","breadcrumb":{"@id":"https:\/\/www.uoh.cl\/admision\/unidad-de-aranceles\/pagos\/#breadcrumb"},"inLanguage":"es-CL","potentialAction":[{"@type":"ReadAction","target":["https:\/\/www.uoh.cl\/admision\/unidad-de-aranceles\/pagos\/"]}]},{"@type":"BreadcrumbList","@id":"https:\/\/www.uoh.cl\/admision\/unidad-de-aranceles\/pagos\/#breadcrumb","itemListElement":[{"@type":"ListItem","position":1,"name":"Unidad de Aranceles","item":"https:\/\/www.uoh.cl\/admision\/unidad-de-aranceles\/"},{"@type":"ListItem","position":2,"name":"Pagos"}]},{"@type":"WebSite","@id":"https:\/\/www.uoh.cl\/admision\/#website","url":"https:\/\/www.uoh.cl\/admision\/","name":"Admisi\u00f3n UOH","description":"Otro sitio de Sitios de Universidad O&#039;higgins","potentialAction":[{"@type":"SearchAction","target":{"@type":"EntryPoint","urlTemplate":"https:\/\/www.uoh.cl\/admision\/?s={search_term_string}"},"query-input":{"@type":"PropertyValueSpecification","valueRequired":true,"valueName":"search_term_string"}}],"inLanguage":"es-CL"}]}},"_links":{"self":[{"href":"https:\/\/www.uoh.cl\/admision\/wp-json\/wp\/v2\/pages\/211","targetHints":{"allow":["GET"]}}],"collection":[{"href":"https:\/\/www.uoh.cl\/admision\/wp-json\/wp\/v2\/pages"}],"about":[{"href":"https:\/\/www.uoh.cl\/admision\/wp-json\/wp\/v2\/types\/page"}],"author":[{"embeddable":true,"href":"https:\/\/www.uoh.cl\/admision\/wp-json\/wp\/v2\/users\/34"}],"replies":[{"embeddable":true,"href":"https:\/\/www.uoh.cl\/admision\/wp-json\/wp\/v2\/comments?post=211"}],"version-history":[{"count":6,"href":"https:\/\/www.uoh.cl\/admision\/wp-json\/wp\/v2\/pages\/211\/revisions"}],"predecessor-version":[{"id":1997,"href":"https:\/\/www.uoh.cl\/admision\/wp-json\/wp\/v2\/pages\/211\/revisions\/1997"}],"up":[{"embeddable":true,"href":"https:\/\/www.uoh.cl\/admision\/wp-json\/wp\/v2\/pages\/146"}],"wp:attachment":[{"href":"https:\/\/www.uoh.cl\/admision\/wp-json\/wp\/v2\/media?parent=211"}],"curies":[{"name":"wp","href":"https:\/\/api.w.org\/{rel}","templated":true}]}}