
{"id":11671,"date":"2024-09-13T12:33:21","date_gmt":"2024-09-13T15:33:21","guid":{"rendered":"https:\/\/www.uoh.cl\/admision\/?page_id=11671"},"modified":"2025-08-18T11:05:59","modified_gmt":"2025-08-18T14:05:59","slug":"ensayo-paes-uoh-2025","status":"publish","type":"page","link":"https:\/\/www.uoh.cl\/admision\/ensayo-paes-uoh-2025\/","title":{"rendered":"Ensayo PAES UOH 2025"},"content":{"rendered":"<div class=\"wpb-content-wrapper\"><p>[vc_row][vc_column]<div class=\"uoh_slider_featured_component component__featured-slide row mx-auto col-12 m-0 align-items-center position-relative lazyload\" style=\" background:inherit\" data-bg=\"url(https:\/\/www.uoh.cl\/admision\/wp-content\/uploads\/sites\/2\/2024\/09\/Pantalla-2-1.png)\"><div class=\"caption--degrade\"><svg  xmlns=\"http:\/\/www.w3.org\/2000\/svg\" xmlns:xlink=\"http:\/\/www.w3.org\/1999\/xlink\" width=\"1061px\" height=\"539px\"><defs><linearGradient id=\"PSgrad_0\" x1=\"0%\" x2=\"64.279%\" y1=\"76.604%\" y2=\"0%\"><stop offset=\"0%\" stop-color=\"rgb(66,160,248)\" stop-opacity=\"1\" \/><stop offset=\"100%\" stop-color=\"rgb(66,160,248)\" stop-opacity=\"0\" \/><\/linearGradient><\/defs><path fill-rule=\"evenodd\"  fill=\"none\" d=\"M311.000,515.000 C311.000,515.000 211.039,468.555 132.000,357.000 C21.864,201.555 -4.306,4.695 1.000,0.000 L196.000,0.000 L811.000,0.000 L1061.000,0.000 C1061.000,0.000 851.535,430.030 546.000,521.000 C402.674,563.674 311.000,515.000 311.000,515.000 Z\"\/> <path fill=\"url(#PSgrad_0)\"d=\"M311.000,515.000 C311.000,515.000 211.039,468.555 132.000,357.000 C21.864,201.555 -4.306,4.695 1.000,0.000 L196.000,0.000 L811.000,0.000 L1061.000,0.000 C1061.000,0.000 851.535,430.030 546.000,521.000 C402.674,563.674 311.000,515.000 311.000,515.000 Z\"\/><\/svg><\/div><div class=\"caption--quote\"><svg xmlns=\"http:\/\/www.w3.org\/2000\/svg\" xmlns:xlink=\"http:\/\/www.w3.org\/1999\/xlink\"width=\"226px\" height=\"273px\"><defs><linearGradient id=\"PSgrad_0\" x1=\"71.934%\" x2=\"0%\" y1=\"69.466%\" y2=\"0%\"><stop offset=\"0%\" stop-color=\"rgb(66,160,248)\" stop-opacity=\"0.49\" \/><stop offset=\"100%\" stop-color=\"rgb(66,160,248)\" stop-opacity=\"0\" \/><\/linearGradient><\/defs><path fill-rule=\"evenodd\"  fill=\"none\" d=\"M-0.000,273.000 L174.000,273.000 C174.000,273.000 226.000,266.268 226.000,221.000 C226.000,175.732 226.000,-0.000 226.000,-0.000 C226.000,-0.000 24.577,71.878 -0.000,273.000 Z\"\/><path fill=\"url(#PSgrad_0)\"d=\"M-0.000,273.000 L174.000,273.000 C174.000,273.000 226.000,266.268 226.000,221.000 C226.000,175.732 226.000,-0.000 226.000,-0.000 C226.000,-0.000 24.577,71.878 -0.000,273.000 Z\"\/><\/svg><\/div><div class=\"my-uoh_slider_featured_component container mx-auto p-md-0\" ><div class=\"content component__featured-slide-content container row mx-auto aling-items-center p-0\"><h1 class=\"p-0 featured-slide title\"  style=\"\"><em>Formulario de inscripci\u00f3n a<\/em>Ensayo PAES UOH 2025<\/h1><\/div><span><\/span><\/div><\/div>[\/vc_column][\/vc_row][vc_section el_class=&#8221;circle&#8211;pattern pb-5&#8243; css=&#8221;.vc_custom_1694450915979{padding-top: 3rem !important;}&#8221;][vc_row el_class=&#8221;container mx-auto align-items-center&#8221;][vc_column]<div class=\"breadcrumb\"><ol itemscope itemtype=\"https:\/\/schema.org\/BreadcrumbList\"><li itemprop=\"itemListElement\" itemscope itemtype=\"https:\/\/schema.org\/ListItem\"><a itemprop=\"item\" href=\"http:\/\/www.uoh.cl\"><span itemprop=\"name\">Inicio<\/span><\/a><meta itemprop=\"position\" content=\"1\" \/><li itemprop=\"itemListElement\" itemscope itemtype=\"https:\/\/schema.org\/ListItem\"><a itemprop=\"item\" href=\"https:\/\/www.uoh.cl\/admision\"><span itemprop=\"name\">Admisi\u00f3n UOH<\/span><\/a><meta itemprop=\"position\" content=\"2\" \/><li itemprop=\"itemListElement\" itemscope itemtype=\"https:\/\/schema.org\/ListItem\"><span itemprop=\"name\">Ensayo PAES UOH 2025 <\/span><meta itemprop=\"position\" content=\"3\" \/><\/ol><\/div>[vc_column_text css=&#8221;&#8221;]Inscr\u00edbete para participar en el Ensayo PAES UOH 2025 que se realizar\u00e1 el d\u00eda <strong>S<\/strong><b>\u00e1bado 06 de Septiembre.<\/b><\/p>\n<p>Podr\u00e1s rendir las Pruebas Obligatorias de Comprensi\u00f3n Lectora y Matem\u00e1tica (M1).<\/p>\n<p>Adem\u00e1s, tendr\u00e1s la opci\u00f3n de elegir una Prueba Espec\u00edfica: Ciencias, Historia y Ciencias Sociales o Matem\u00e1tica 2 (M2).<\/p>\n<p>El ensayo se realizar\u00e1 en el <b>Campus Rancagua<\/b>.[\/vc_column_text][\/vc_column][\/vc_row][\/vc_section][vc_section disable_element=&#8221;yes&#8221; css=&#8221;.vc_custom_1755525903182{background-color: #f6faff !important;}&#8221; el_class=&#8221;pb-5&#8243;][vc_row el_class=&#8221;container mx-auto align-items-center&#8221;][vc_column el_class=&#8221;p-0&#8243;]\n<div class=\"wpcf7 no-js\" id=\"wpcf7-f11673-o1\" lang=\"es-CL\" dir=\"ltr\" data-wpcf7-id=\"11673\">\n<div class=\"screen-reader-response\"><p role=\"status\" aria-live=\"polite\" aria-atomic=\"true\"><\/p> <ul><\/ul><\/div>\n<form action=\"\/admision\/wp-json\/wp\/v2\/pages\/11671#wpcf7-f11673-o1\" method=\"post\" class=\"wpcf7-form init\" aria-label=\"Formulario de contacto\" novalidate=\"novalidate\" data-status=\"init\">\n<fieldset class=\"hidden-fields-container\"><input type=\"hidden\" name=\"_wpcf7\" value=\"11673\" \/><input type=\"hidden\" name=\"_wpcf7_version\" value=\"6.1.4\" \/><input type=\"hidden\" name=\"_wpcf7_locale\" value=\"es_CL\" \/><input type=\"hidden\" name=\"_wpcf7_unit_tag\" value=\"wpcf7-f11673-o1\" \/><input type=\"hidden\" name=\"_wpcf7_container_post\" value=\"0\" \/><input type=\"hidden\" name=\"_wpcf7_posted_data_hash\" value=\"\" \/><input type=\"hidden\" name=\"_wpcf7cf_hidden_group_fields\" value=\"[]\" \/><input type=\"hidden\" name=\"_wpcf7cf_hidden_groups\" value=\"[]\" \/><input type=\"hidden\" name=\"_wpcf7cf_visible_groups\" value=\"[]\" \/><input type=\"hidden\" name=\"_wpcf7cf_repeaters\" value=\"[]\" \/><input type=\"hidden\" name=\"_wpcf7cf_steps\" value=\"{}\" \/><input type=\"hidden\" name=\"_wpcf7cf_options\" value=\"{&quot;form_id&quot;:11673,&quot;conditions&quot;:[{&quot;then_field&quot;:&quot;ci_box&quot;,&quot;and_rules&quot;:[{&quot;if_field&quot;:&quot;ci_pasaporte_ipe&quot;,&quot;operator&quot;:&quot;equals&quot;,&quot;if_value&quot;:&quot;C\\u00e9dula de Identidad&quot;}]},{&quot;then_field&quot;:&quot;pasaporte_ipe_box&quot;,&quot;and_rules&quot;:[{&quot;if_field&quot;:&quot;ci_pasaporte_ipe&quot;,&quot;operator&quot;:&quot;equals&quot;,&quot;if_value&quot;:&quot;Pasaporte o IPE&quot;}]},{&quot;then_field&quot;:&quot;adecuacion_box&quot;,&quot;and_rules&quot;:[{&quot;if_field&quot;:&quot;adecuacion&quot;,&quot;operator&quot;:&quot;equals&quot;,&quot;if_value&quot;:&quot;Si&quot;}]},{&quot;then_field&quot;:&quot;electivas_box&quot;,&quot;and_rules&quot;:[{&quot;if_field&quot;:&quot;electivas&quot;,&quot;operator&quot;:&quot;equals&quot;,&quot;if_value&quot;:&quot;CIENCIAS&quot;}]}],&quot;settings&quot;:{&quot;animation&quot;:&quot;yes&quot;,&quot;animation_intime&quot;:200,&quot;animation_outtime&quot;:200,&quot;conditions_ui&quot;:&quot;normal&quot;,&quot;notice_dismissed&quot;:false}}\" \/><input type=\"hidden\" name=\"_wpcf7_recaptcha_response\" value=\"\" \/>\n<\/fieldset>\n<fieldset>\n\t<legend>Datos Personales:\n\t<\/legend>\n\t<p><label>Nombres<span class=\"wpcf7-form-control-wrap\" data-name=\"nombres\"><input size=\"40\" maxlength=\"400\" class=\"wpcf7-form-control wpcf7-text wpcf7-validates-as-required\" id=\"nombres\" aria-required=\"true\" aria-invalid=\"false\" placeholder=\"Nombres\" value=\"\" type=\"text\" name=\"nombres\" \/><\/span><\/label><br \/>\n<label>Apellido Paterno<span class=\"wpcf7-form-control-wrap\" data-name=\"a_paterno\"><input size=\"40\" maxlength=\"400\" class=\"wpcf7-form-control wpcf7-text wpcf7-validates-as-required\" aria-required=\"true\" aria-invalid=\"false\" placeholder=\"Apellido Paterno\" value=\"\" type=\"text\" name=\"a_paterno\" \/><\/span><\/label><br \/>\n<label>Apellido Materno<span class=\"wpcf7-form-control-wrap\" data-name=\"a_materno\"><input size=\"40\" maxlength=\"400\" class=\"wpcf7-form-control wpcf7-text wpcf7-validates-as-required\" aria-required=\"true\" aria-invalid=\"false\" placeholder=\"Apellido Materno\" value=\"\" type=\"text\" name=\"a_materno\" \/><\/span><\/label>\n\t<\/p>\n\t<p><label>CI, Pasaporte o IPE<\/label><br \/>\n<span class=\"wpcf7-form-control-wrap\" data-name=\"ci_pasaporte_ipe\"><span class=\"wpcf7-form-control wpcf7-radio\" id=\"ci_pasaporte_ipe\"><span class=\"wpcf7-list-item first\"><label><input type=\"radio\" name=\"ci_pasaporte_ipe\" value=\"C\u00e9dula de Identidad\" checked=\"checked\" \/><span class=\"wpcf7-list-item-label\">C\u00e9dula de Identidad<\/span><\/label><\/span><span class=\"wpcf7-list-item last\"><label><input type=\"radio\" name=\"ci_pasaporte_ipe\" value=\"Pasaporte o IPE\" \/><span class=\"wpcf7-list-item-label\">Pasaporte o IPE<\/span><\/label><\/span><\/span><\/span>\n\t<\/p>\n\t<p><span data-id=\"ci_box\" data-orig_data_id=\"ci_box\" data-clear_on_hide class=\"\" data-class=\"wpcf7cf_group\"><label>RUT (sin puntos ni gui\u00f3n). D\u00edgito verificador autom\u00e1tico<\/label><span id=\"rut\" class=\"d-flex\"><span class=\"wpcf7-form-control-wrap\" data-name=\"rut\"><input size=\"40\" maxlength=\"400\" class=\"wpcf7-form-control wpcf7-text\" id=\"vrut\" aria-invalid=\"false\" placeholder=\"RUT\" value=\"\" type=\"text\" name=\"rut\" \/><\/span><span class=\"wpcf7-form-control-wrap\" data-name=\"dv\"><input size=\"40\" maxlength=\"400\" class=\"wpcf7-form-control wpcf7-text\" id=\"dv\" aria-invalid=\"false\" placeholder=\"D\u00edgito Verificador\" value=\"\" type=\"text\" name=\"dv\" \/><\/span><\/span><\/span>\n\t<\/p>\n\t<p><span data-id=\"pasaporte_ipe_box\" data-orig_data_id=\"pasaporte_ipe_box\" data-clear_on_hide class=\"\" data-class=\"wpcf7cf_group\"><br \/>\n<label>Pasaporte o IPE<\/label><span class=\"wpcf7-form-control-wrap\" data-name=\"pasaporte_ipe\"><input size=\"40\" maxlength=\"400\" class=\"wpcf7-form-control wpcf7-text\" id=\"pasaporte_ipe\" aria-invalid=\"false\" placeholder=\"Pasaporte o IPE\" value=\"\" type=\"text\" name=\"pasaporte_ipe\" \/><\/span><br \/>\n<\/span>\n\t<\/p>\n\t<p><label>Establecimiento Educacional<span class=\"wpcf7-form-control-wrap establecimiento\"><input size=\"40\" class=\"wpcf7-form-control wpcf7-autocomplete wpcf7-validates-as-required wpcf7-text\" id=\"clschools_autocomplete\" aria-required=\"true\" aria-invalid=\"false\" placeholder=\"Buscar establecimiento educacional\" type=\"text\" name=\"establecimiento\" \/><\/span><input disabled placeholder=\"RBD\" type=\"text\" name=\"establecimiento_rbd\" id=\"establecimiento_rbd\" \/><\/label>\n\t<\/p>\n<input class=\"wpcf7-form-control wpcf7-hidden\" value=\"\" type=\"hidden\" name=\"establecimiento_rbd\" \/>\n\t<p><label>Correo electr\u00f3nico<\/label>\n\t<\/p>\n\t<p><small>IMPORTANTE: Aseg\u00farate de ingresar correctamente tu correo electr\u00f3nico, pues te informaremos ah\u00ed la sala\/s asignada\/s para rendici\u00f3n de la\/s pruebas inscritas.<\/small><br \/>\n<span class=\"wpcf7-form-control-wrap\" data-name=\"correo\"><input size=\"40\" maxlength=\"400\" class=\"wpcf7-form-control wpcf7-email wpcf7-validates-as-required wpcf7-text wpcf7-validates-as-email\" aria-required=\"true\" aria-invalid=\"false\" placeholder=\"nombre@correo.com\" value=\"\" type=\"email\" name=\"correo\" \/><\/span>\n\t<\/p>\n\t<p><label>N\u00famero de contacto<span class=\"wpcf7-form-control-wrap\" data-name=\"telefono\"><input size=\"40\" maxlength=\"20\" minlength=\"8\" class=\"wpcf7-form-control wpcf7-text wpcf7-validates-as-required\" id=\"telefono\" aria-required=\"true\" aria-invalid=\"false\" placeholder=\"+56 9 8765 4321\" value=\"\" type=\"text\" name=\"telefono\" \/><\/span><\/label>\n\t<\/p>\n\t<p><label>Comuna de residencia<span class=\"wpcf7-form-control-wrap\" data-name=\"comuna\"><input size=\"40\" maxlength=\"400\" class=\"wpcf7-form-control wpcf7-text wpcf7-validates-as-required\" id=\"comuna\" aria-required=\"true\" aria-invalid=\"false\" placeholder=\"Comuna\" value=\"\" type=\"text\" name=\"comuna\" \/><\/span><\/label>\n\t<\/p>\n<\/fieldset>\n<fieldset>\n\t<legend>Selecci\u00f3n de Ensayos - S\u00e1bado 06 de Septiembre.\n\t<\/legend>\n\t<p><label class=\"fs-5 fw-bold\">Pruebas Obligatorias<\/label>\n\t<\/p>\n\t<ul class=\"mt-3\">\n\t\t<li>\n\t\t\t<p><small><strong>COMPRENSI\u00d3N LECTORA<\/strong>: 09:00 a 11:30 hrs. (2 horas y 30 Minutos)<\/small>\n\t\t\t<\/p>\n\t\t<\/li>\n\t\t<li>\n\t\t\t<p><small>Break Ma\u00f1ana 30 minutos<\/small>\n\t\t\t<\/p>\n\t\t<\/li>\n\t\t<li>\n\t\t\t<p><small><strong>MATEM\u00c1TICAS 1<\/strong>: 12:00 a 14:20 hrs. (2 horas y 20 minutos)<\/small>\n\t\t\t<\/p>\n\t\t<\/li>\n\t\t<li>\n\t\t\t<p><small>Break Tarde-Almuerzo 40 Minutos<\/small>\n\t\t\t<\/p>\n\t\t<\/li>\n\t<\/ul>\n\t<p><span class=\"wpcf7-form-control-wrap\" data-name=\"cl\"><span class=\"wpcf7-form-control wpcf7-checkbox\"><span class=\"wpcf7-list-item first last\"><label><input type=\"checkbox\" name=\"cl[]\" value=\"COMPRENSI\u00d3N LECTORA\" \/><span class=\"wpcf7-list-item-label\">COMPRENSI\u00d3N LECTORA<\/span><\/label><\/span><\/span><\/span><br \/>\n<span class=\"wpcf7-form-control-wrap\" data-name=\"m1\"><span class=\"wpcf7-form-control wpcf7-checkbox\"><span class=\"wpcf7-list-item first last\"><label><input type=\"checkbox\" name=\"m1[]\" value=\"MATEM\u00c1TICAS 1\" \/><span class=\"wpcf7-list-item-label\">MATEM\u00c1TICAS 1<\/span><\/label><\/span><\/span><\/span>\n\t<\/p>\n\t<p><label class=\"fs-5 fw-bold\">Pruebas Electivas<\/label>\n\t<\/p>\n\t<ul class=\"mt-3\">\n\t\t<li>\n\t\t\t<p><small><strong>CIENCIAS<\/strong>: 15:00 a 17:40 hrs. (2 horas y 40 Minutos)<\/small>\n\t\t\t<\/p>\n\t\t<\/li>\n\t\t<li>\n\t\t\t<p><small><strong>HISTORIA Y CIENCIAS SOCIALES<\/strong>: 15:00 a 17:00 hrs. (2 horas)<\/small>\n\t\t\t<\/p>\n\t\t<\/li>\n\t\t<li>\n\t\t\t<p><small><strong>MATEM\u00c1TICAS 2<\/strong>: 15:00 a 17:20 hrs. (2 horas y 20 minutos)<\/small>\n\t\t\t<\/p>\n\t\t<\/li>\n\t<\/ul>\n\t<p><small>Por favor, seleccione 1 opci\u00f3n.<\/small><br \/>\n<span class=\"wpcf7-form-control-wrap\" data-name=\"electivas\"><span class=\"wpcf7-form-control wpcf7-checkbox wpcf7-exclusive-checkbox\" id=\"electivas\"><span class=\"wpcf7-list-item first\"><label><input type=\"checkbox\" name=\"electivas\" value=\"CIENCIAS\" \/><span class=\"wpcf7-list-item-label\">CIENCIAS<\/span><\/label><\/span><span class=\"wpcf7-list-item\"><label><input type=\"checkbox\" name=\"electivas\" value=\"HISTORIA Y CIENCIAS SOCIALES\" \/><span class=\"wpcf7-list-item-label\">HISTORIA Y CIENCIAS SOCIALES<\/span><\/label><\/span><span class=\"wpcf7-list-item last\"><label><input type=\"checkbox\" name=\"electivas\" value=\"MATEM\u00c1TICAS 2\" \/><span class=\"wpcf7-list-item-label\">MATEM\u00c1TICAS 2<\/span><\/label><\/span><\/span><\/span>\n\t<\/p>\n<input class=\"wpcf7-form-control wpcf7-hidden\" id=\"horario\" value=\"\" type=\"hidden\" name=\"horario\" \/>\n\t<div data-id=\"electivas_box\" data-orig_data_id=\"electivas_box\" data-clear_on_hide class=\"\" data-class=\"wpcf7cf_group\">\n\t\t<p><span class=\"wpcf7-form-control-wrap\" data-name=\"especificas\"><span class=\"wpcf7-form-control wpcf7-checkbox wpcf7-exclusive-checkbox\"><span class=\"wpcf7-list-item first\"><label><input type=\"checkbox\" name=\"especificas\" value=\"BIOLOG\u00cdA\" \/><span class=\"wpcf7-list-item-label\">BIOLOG\u00cdA<\/span><\/label><\/span><span class=\"wpcf7-list-item\"><label><input type=\"checkbox\" name=\"especificas\" value=\"QU\u00cdMICA\" \/><span class=\"wpcf7-list-item-label\">QU\u00cdMICA<\/span><\/label><\/span><span class=\"wpcf7-list-item\"><label><input type=\"checkbox\" name=\"especificas\" value=\"F\u00cdSICA\" \/><span class=\"wpcf7-list-item-label\">F\u00cdSICA<\/span><\/label><\/span><span class=\"wpcf7-list-item last\"><label><input type=\"checkbox\" name=\"especificas\" value=\"T\u00c9CNICO PROFESIONAL\" \/><span class=\"wpcf7-list-item-label\">T\u00c9CNICO PROFESIONAL<\/span><\/label><\/span><\/span><\/span>\n\t\t<\/p>\n\t<\/div>\n<\/fieldset>\n<fieldset>\n\t<legend>Lugar de Rendici\u00f3n\n\t<\/legend>\n\t<p>Campus Rancagua\n\t<\/p>\n<input class=\"wpcf7-form-control wpcf7-hidden\" value=\"Campus Rancagua\" type=\"hidden\" name=\"lugar_rendicion\" \/>\n<\/fieldset>\n<fieldset>\n\t<legend>Adecuaci\u00f3n\n\t<\/legend>\n\t<p><label>\u00bfSe debe considerar una adecuaci\u00f3n durante el ensayo?<\/label><br \/>\n<small>Por ejemplo: estudiante baja visi\u00f3n, se debe imprimir la prueba en otro tama\u00f1o el texto; estudiante que es parte del espectro austista.<\/small>\n\t<\/p>\n\t<p><span><span class=\"wpcf7-form-control-wrap\" data-name=\"adecuacion\"><span class=\"wpcf7-form-control wpcf7-radio\"><span class=\"wpcf7-list-item first\"><label><span class=\"wpcf7-list-item-label\">No<\/span><input type=\"radio\" name=\"adecuacion\" value=\"No\" checked=\"checked\" \/><\/label><\/span><span class=\"wpcf7-list-item last\"><label><span class=\"wpcf7-list-item-label\">Si<\/span><input type=\"radio\" name=\"adecuacion\" value=\"Si\" \/><\/label><\/span><\/span><\/span><\/span>\n\t<\/p>\n\t<div data-id=\"adecuacion_box\" data-orig_data_id=\"adecuacion_box\" data-clear_on_hide class=\"\" data-class=\"wpcf7cf_group\">\n\t\t<p><label>Especificar <span class=\"wpcf7-form-control-wrap\" data-name=\"tipo_adecuacion\"><input size=\"40\" maxlength=\"400\" class=\"wpcf7-form-control wpcf7-text wpcf7-validates-as-required\" aria-required=\"true\" aria-invalid=\"false\" placeholder=\"Escriba que adecuaci\u00f3n necesita\" value=\"\" type=\"text\" name=\"tipo_adecuacion\" \/><\/span><\/label>\n\t\t<\/p>\n\t<\/div>\n<\/fieldset>\n<p><p><span class=\"wpcf7-form-control-wrap\"><div class=\"f12-captcha template-2\">\r\n    <div class=\"c-header\">\r\n        <!-- Label korrekt mit `for` verkn\u00fcpfen -->\r\n        <div class=\"c-label\">\r\n            <label for=\"c_f9d13d5417faa1384484\">\r\n\t\t\t\tCaptcha            <\/label>\r\n        <\/div>\r\n\r\n        <!-- CAPTCHA-Daten mit Aria LIVE markieren -->\r\n        <div class=\"c-data\" aria-live=\"polite\" aria-atomic=\"true\" aria-describedby=\"captcha-instructions\">\r\n\t\t\t<span class=\"captcha-calculation\">9 + 3 = ?<\/span>        <\/div>\r\n\r\n        <!-- CAPTCHA Reload mit Tastenzug\u00e4nglichkeit -->\r\n        <div class=\"c-reload\" role=\"button\" tabindex=\"0\" aria-label=\"Refresh CAPTCHA\">\r\n\t\t\t<a href=\"javascript:void(0);\" class=\"cf7 captcha-reload\" title=\"Reload Captcha\"><img decoding=\"async\" style=\"--smush-placeholder-width: 16px; --smush-placeholder-aspect-ratio: 16\/16;margin-top:5px;\" data-src=\"https:\/\/www.uoh.cl\/admision\/wp-content\/plugins\/captcha-for-contact-form-7\/core\/assets\/reload-icon.png\" alt=\"Reload\" src=\"data:image\/svg+xml;base64,PHN2ZyB3aWR0aD0iMSIgaGVpZ2h0PSIxIiB4bWxucz0iaHR0cDovL3d3dy53My5vcmcvMjAwMC9zdmciPjwvc3ZnPg==\" class=\"lazyload\" \/><\/a>        <\/div>\r\n    <\/div>\r\n\r\n    <!-- Versteckte Eingabewerte -->\r\n    <input type=\"hidden\" id=\"hash_c_f9d13d5417faa1384484\"\r\n           name=\"f12_captcha_hash\"\r\n           value=\"$2y$10$Tjz7QBoyLJ\/p2SlpUbmWiuwy8ByRumSdCSb6C2pzdZ6k7oHp30jJW\"\/>\r\n\r\n    <!-- Eingabefeld mit Barrierefreiheitsattributen -->\r\n    <div class=\"\" >\r\n        <input class=\"f12c \"\r\n               data-method=\"math\"                type=\"text\"\r\n               id=\"c_f9d13d5417faa1384484\"\r\n               name=\"f12_captcha\"\r\n               placeholder=\"Captcha\"\r\n               value=\"\"\r\n               aria-required=\"true\"\r\n               aria-describedby=\"captcha-instructions\"\/>\r\n    <\/div>\r\n\r\n    <!-- Screenreader-Hinweise -->\r\n    <p id=\"captcha-instructions\" class=\"screen-reader-text\">\r\n\t\tPlease enter the characters shown in the CAPTCHA to verify that you are human.    <\/p>\r\n<\/div><\/span><\/p><input class=\"wpcf7-form-control wpcf7-submit has-spinner\" type=\"submit\" value=\"Enviar\" \/>\n<\/p><div class=\"wpcf7-response-output\" aria-hidden=\"true\"><\/div>\n<\/form>\n<\/div>\n[\/vc_column][\/vc_row][\/vc_section][vc_section css=&#8221;.vc_custom_1755525956408{background-color: #f6faff !important;}&#8221; el_class=&#8221;pb-5&#8243;][vc_row el_class=&#8221;container mx-auto align-items-center&#8221;][vc_column el_class=&#8221;p-0&#8243;][vc_column_text css=&#8221;&#8221;]<\/p>\n<h3>El formulario de inscripci\u00f3n para el Ensayo PAES se encuentra cerrado.<\/h3>\n<p>Agradecemos tu inter\u00e9s en participar y te invitamos a estar pendiente de los pr\u00f3ximos ensayos.[\/vc_column_text][\/vc_column][\/vc_row][\/vc_section]<\/p>\n<\/div>","protected":false},"excerpt":{"rendered":"<p>[vc_row][vc_column][\/vc_column][\/vc_row][vc_section el_class=&#8221;circle&#8211;pattern pb-5&#8243; css=&#8221;.vc_custom_1694450915979{padding-top: 3rem !important;}&#8221;][vc_row el_class=&#8221;container mx-auto align-items-center&#8221;][vc_column][vc_column_text css=&#8221;&#8221;]Inscr\u00edbete para participar en el Ensayo PAES UOH 2025 que se realizar\u00e1 el d\u00eda S\u00e1bado 06 de Septiembre. Podr\u00e1s rendir las Pruebas Obligatorias de Comprensi\u00f3n Lectora y Matem\u00e1tica (M1). Adem\u00e1s, tendr\u00e1s la opci\u00f3n de elegir una Prueba Espec\u00edfica: Ciencias, Historia y Ciencias Sociales o Matem\u00e1tica 2 [&hellip;]<\/p>\n","protected":false},"author":6,"featured_media":0,"parent":0,"menu_order":0,"comment_status":"closed","ping_status":"closed","template":"","meta":{"_acf_changed":false,"footnotes":""},"class_list":["post-11671","page","type-page","status-publish","hentry"],"acf":[],"yoast_head":"<!-- This site is optimized with the Yoast SEO plugin v26.6 - https:\/\/yoast.com\/wordpress\/plugins\/seo\/ -->\n<title>Ensayo PAES UOH 2025 - Admisi\u00f3n UOH<\/title>\n<meta name=\"robots\" content=\"index, follow, max-snippet:-1, max-image-preview:large, max-video-preview:-1\" \/>\n<link rel=\"canonical\" href=\"https:\/\/www.uoh.cl\/admision\/ensayo-paes-uoh-2025\/\" \/>\n<meta property=\"og:locale\" content=\"es_ES\" \/>\n<meta property=\"og:type\" content=\"article\" \/>\n<meta property=\"og:title\" content=\"Ensayo PAES UOH 2025 - Admisi\u00f3n UOH\" \/>\n<meta property=\"og:description\" content=\"[vc_row][vc_column][\/vc_column][\/vc_row][vc_section el_class=&#8221;circle&#8211;pattern pb-5&#8243; css=&#8221;.vc_custom_1694450915979{padding-top: 3rem !important;}&#8221;][vc_row el_class=&#8221;container mx-auto align-items-center&#8221;][vc_column][vc_column_text css=&#8221;&#8221;]Inscr\u00edbete para participar en el Ensayo PAES UOH 2025 que se realizar\u00e1 el d\u00eda S\u00e1bado 06 de Septiembre. Podr\u00e1s rendir las Pruebas Obligatorias de Comprensi\u00f3n Lectora y Matem\u00e1tica (M1). Adem\u00e1s, tendr\u00e1s la opci\u00f3n de elegir una Prueba Espec\u00edfica: Ciencias, Historia y Ciencias Sociales o Matem\u00e1tica 2 [&hellip;]\" \/>\n<meta property=\"og:url\" content=\"https:\/\/www.uoh.cl\/admision\/ensayo-paes-uoh-2025\/\" \/>\n<meta property=\"og:site_name\" content=\"Admisi\u00f3n UOH\" \/>\n<meta property=\"article:modified_time\" content=\"2025-08-18T14:05:59+00:00\" \/>\n<meta name=\"twitter:card\" content=\"summary_large_image\" \/>\n<meta name=\"twitter:label1\" content=\"Tiempo estimado de lectura\" \/>\n\t<meta name=\"twitter:data1\" content=\"1 minuto\" \/>\n<script type=\"application\/ld+json\" class=\"yoast-schema-graph\">{\"@context\":\"https:\/\/schema.org\",\"@graph\":[{\"@type\":\"WebPage\",\"@id\":\"https:\/\/www.uoh.cl\/admision\/ensayo-paes-uoh-2025\/\",\"url\":\"https:\/\/www.uoh.cl\/admision\/ensayo-paes-uoh-2025\/\",\"name\":\"Ensayo PAES UOH 2025 - Admisi\u00f3n UOH\",\"isPartOf\":{\"@id\":\"https:\/\/www.uoh.cl\/admision\/#website\"},\"datePublished\":\"2024-09-13T15:33:21+00:00\",\"dateModified\":\"2025-08-18T14:05:59+00:00\",\"inLanguage\":\"es-CL\",\"potentialAction\":[{\"@type\":\"ReadAction\",\"target\":[\"https:\/\/www.uoh.cl\/admision\/ensayo-paes-uoh-2025\/\"]}]},{\"@type\":\"WebSite\",\"@id\":\"https:\/\/www.uoh.cl\/admision\/#website\",\"url\":\"https:\/\/www.uoh.cl\/admision\/\",\"name\":\"Admisi\u00f3n UOH\",\"description\":\"Otro sitio de Sitios de Universidad O&#039;higgins\",\"potentialAction\":[{\"@type\":\"SearchAction\",\"target\":{\"@type\":\"EntryPoint\",\"urlTemplate\":\"https:\/\/www.uoh.cl\/admision\/?s={search_term_string}\"},\"query-input\":{\"@type\":\"PropertyValueSpecification\",\"valueRequired\":true,\"valueName\":\"search_term_string\"}}],\"inLanguage\":\"es-CL\"}]}<\/script>\n<!-- \/ Yoast SEO plugin. -->","yoast_head_json":{"title":"Ensayo PAES UOH 2025 - Admisi\u00f3n UOH","robots":{"index":"index","follow":"follow","max-snippet":"max-snippet:-1","max-image-preview":"max-image-preview:large","max-video-preview":"max-video-preview:-1"},"canonical":"https:\/\/www.uoh.cl\/admision\/ensayo-paes-uoh-2025\/","og_locale":"es_ES","og_type":"article","og_title":"Ensayo PAES UOH 2025 - Admisi\u00f3n UOH","og_description":"[vc_row][vc_column][\/vc_column][\/vc_row][vc_section el_class=&#8221;circle&#8211;pattern pb-5&#8243; css=&#8221;.vc_custom_1694450915979{padding-top: 3rem !important;}&#8221;][vc_row el_class=&#8221;container mx-auto align-items-center&#8221;][vc_column][vc_column_text css=&#8221;&#8221;]Inscr\u00edbete para participar en el Ensayo PAES UOH 2025 que se realizar\u00e1 el d\u00eda S\u00e1bado 06 de Septiembre. Podr\u00e1s rendir las Pruebas Obligatorias de Comprensi\u00f3n Lectora y Matem\u00e1tica (M1). Adem\u00e1s, tendr\u00e1s la opci\u00f3n de elegir una Prueba Espec\u00edfica: Ciencias, Historia y Ciencias Sociales o Matem\u00e1tica 2 [&hellip;]","og_url":"https:\/\/www.uoh.cl\/admision\/ensayo-paes-uoh-2025\/","og_site_name":"Admisi\u00f3n UOH","article_modified_time":"2025-08-18T14:05:59+00:00","twitter_card":"summary_large_image","twitter_misc":{"Tiempo estimado de lectura":"1 minuto"},"schema":{"@context":"https:\/\/schema.org","@graph":[{"@type":"WebPage","@id":"https:\/\/www.uoh.cl\/admision\/ensayo-paes-uoh-2025\/","url":"https:\/\/www.uoh.cl\/admision\/ensayo-paes-uoh-2025\/","name":"Ensayo PAES UOH 2025 - Admisi\u00f3n UOH","isPartOf":{"@id":"https:\/\/www.uoh.cl\/admision\/#website"},"datePublished":"2024-09-13T15:33:21+00:00","dateModified":"2025-08-18T14:05:59+00:00","inLanguage":"es-CL","potentialAction":[{"@type":"ReadAction","target":["https:\/\/www.uoh.cl\/admision\/ensayo-paes-uoh-2025\/"]}]},{"@type":"WebSite","@id":"https:\/\/www.uoh.cl\/admision\/#website","url":"https:\/\/www.uoh.cl\/admision\/","name":"Admisi\u00f3n UOH","description":"Otro sitio de Sitios de Universidad O&#039;higgins","potentialAction":[{"@type":"SearchAction","target":{"@type":"EntryPoint","urlTemplate":"https:\/\/www.uoh.cl\/admision\/?s={search_term_string}"},"query-input":{"@type":"PropertyValueSpecification","valueRequired":true,"valueName":"search_term_string"}}],"inLanguage":"es-CL"}]}},"_links":{"self":[{"href":"https:\/\/www.uoh.cl\/admision\/wp-json\/wp\/v2\/pages\/11671","targetHints":{"allow":["GET"]}}],"collection":[{"href":"https:\/\/www.uoh.cl\/admision\/wp-json\/wp\/v2\/pages"}],"about":[{"href":"https:\/\/www.uoh.cl\/admision\/wp-json\/wp\/v2\/types\/page"}],"author":[{"embeddable":true,"href":"https:\/\/www.uoh.cl\/admision\/wp-json\/wp\/v2\/users\/6"}],"replies":[{"embeddable":true,"href":"https:\/\/www.uoh.cl\/admision\/wp-json\/wp\/v2\/comments?post=11671"}],"version-history":[{"count":22,"href":"https:\/\/www.uoh.cl\/admision\/wp-json\/wp\/v2\/pages\/11671\/revisions"}],"predecessor-version":[{"id":26999,"href":"https:\/\/www.uoh.cl\/admision\/wp-json\/wp\/v2\/pages\/11671\/revisions\/26999"}],"wp:attachment":[{"href":"https:\/\/www.uoh.cl\/admision\/wp-json\/wp\/v2\/media?parent=11671"}],"curies":[{"name":"wp","href":"https:\/\/api.w.org\/{rel}","templated":true}]}}